{"id":3,"date":"2024-11-18T19:12:39","date_gmt":"2024-11-18T19:12:39","guid":{"rendered":"https:\/\/freundeskreis-asyl-korb.de\/?page_id=3"},"modified":"2026-03-30T11:09:12","modified_gmt":"2026-03-30T09:09:12","slug":"privacy-policy","status":"publish","type":"page","link":"https:\/\/freundeskreis-asyl-korb.de\/?page_id=3","title":{"rendered":"Datenschutzerkl\u00e4rung"},"content":{"rendered":"\n<p>Wir verarbeiten Ihre Daten daher ausschlie\u00dflich auf Grundlage der gesetzlichen Bestimmungen (EU-Datenschutzgrundverordnung, Telemediengesetz). In diesen Datenschutzinformationen informieren wir Sie \u00fcber die wichtigsten Aspekte der Datenverarbeitung im Rahmen unserer Onlinekommunikation.<\/p>\n\n\n\n<p><strong>Personenbeziehbare Daten<\/strong><\/p>\n\n\n\n<p>Wenn Sie&nbsp;per E-Mail, \u00fcber unsere Webseite oder \u00fcber die sozialen Medien Kontakt mit uns aufnehmen, werden Ihre angegebenen Daten zwecks Bearbeitung der Anfrage und f\u00fcr den Fall von Anschlussfragen bei uns gespeichert.<\/p>\n\n\n\n<p>Ihre personenbezogenen Daten werden gel\u00f6scht, wenn sie nicht mehr erforderlich sind, sp\u00e4testens nach 10 Jahren. Eine l\u00e4ngere Speicherung kann dann erfolgen, wenn der L\u00f6schung eine gesetzliche Aufbewahrungsfrist entgegensteht.<\/p>\n\n\n\n<p><strong>Rechtsgrundlagen<\/strong><\/p>\n\n\n\n<p>Die Datenverarbeitung erfolgt auf Basis der gesetzlichen Bestimmungen und folgender Rechtsgrundlagen gem\u00e4\u00df Artikel 6 Abs. 1 der Europ\u00e4ischen Datenschutz-Grundverordnung:<\/p>\n\n\n\n<ul class=\"wp-block-list\">\n<li>Einwilligung<\/li>\n\n\n\n<li>Zur Wahrnehmung unseres berechtigten Interesses zum Zwecke der Vereinsziele und die schutzw\u00fcrdigen Interessen der Betroffenen das erstgenannte Interesse nicht \u00fcberwiegen.<\/li>\n\n\n\n<li>rechtliche Verpflichtungen<\/li>\n<\/ul>\n\n\n\n<p><strong>Ihre Rechte<\/strong><\/p>\n\n\n\n<p>Ihnen stehen grunds\u00e4tzlich die Rechte auf Auskunft, Berichtigung, L\u00f6schung, Einschr\u00e4nkung, Daten\u00fcbertragbarkeit, Widerruf und Widerspruch zu. Schicken Sie uns bitte eine E-Mail an&nbsp;<a href=\"mailto:Freundeskreis-Asyl-Korb@web.de\">Freundeskreis-Asyl-Korb@web.de<\/a>. Sie erreichen uns auch unter: Freundeskreis Asyl Korb e.V., Fritz-Klett-Str. 3\/2, 71404 Korb, Telefon 07151-302002.<\/p>\n\n\n\n<p>Wenn Sie glauben, dass die Verarbeitung Ihrer Daten gegen das Datenschutzrecht verst\u00f6\u00dft oder Ihre datenschutzrechtlichen Anspr\u00fcche sonst in einer Weise verletzt worden sind, k\u00f6nnen Sie sich bei dem&nbsp;<a href=\"https:\/\/www.baden-wuerttemberg.datenschutz.de\/\">Landesdatenschutzbeauftragten<\/a> beschweren.<\/p>\n\n\n\n<p><strong>Hosting<\/strong><\/p>\n\n\n\n<p>Wir lassen unsere Website bei dem Anbieter \u201eSTRATO\u201c hosten (https:\/\/www.strato.de\/). Durch den Zugriff auf unsere Webseite werden durch Ihren Internetbrowser Daten an unseren Hostinganbieter \u201eSTRATO\u201c \u00fcbermittelt.<\/p>\n\n\n\n<p><em>Zu diesen Zugriffsdaten geh\u00f6ren der Name der abgerufenen Webseite, die heruntergeladenen Dateien, die \u00fcbertragene Datenmenge, eine Meldung \u00fcber den erfolgreichen Abruf, Datum und Uhrzeit des Abrufs, Browsertyp nebst Versionsnummer, das Betriebssystem des Nutzers, die IP-Adresse und der anfragende Provider und gegebenenfalls die Webseite, von der aus ein Zugriff erfolgt ist. Diese sogenannte Serverlogfiles werden aus Sicherheitsgr\u00fcnden (z.B. zur Aufkl\u00e4rung von Missbrauchs- oder Betrugshandlungen) f\u00fcr die Dauer von maximal &#8230; Tagen gespeichert und danach gel\u00f6scht. Daten, deren weitere Aufbewahrung zu Beweiszwecken erforderlich ist, sind bis zur endg\u00fcltigen Kl\u00e4rung des jeweiligen Vorfalls von der L\u00f6schung ausgenommen.<\/em><\/p>\n\n\n\n<p>Diese Website verwendet LocalStorage, um die Einstellung zu speichern, wenn die Unterst\u00fctzung f\u00fcr den Dark Mode ein- oder ausgeschaltet wird. LocalStorage ist notwendig, damit die Einstellung funktioniert, und wird nur verwendet, wenn ein Benutzer auf die Schaltfl\u00e4che Dark Mode klickt. Es werden keine Daten in die Datenbank gespeichert oder \u00fcbertragen.<\/p>\n\n\n\n<p><em>Diese im Zusammenhang mit dieser Website erhobene Daten werden ausschlie\u00dflich f\u00fcr deren Betrieb verwendet.<\/em><em><\/em><\/p>\n\n\n\n<p><em>Dar\u00fcber hinaus sammelt STRATO keine personenbezogenen Daten \u00fcber Benutzer.<\/em><\/p>\n\n\n\n<p><strong>Analysedaten<\/strong><\/p>\n\n\n\n<p>Standardm\u00e4\u00dfig sammelt STRATO keine Analysedaten<\/p>\n\n\n\n<p><strong>Links zu anderen Websites<\/strong><\/p>\n\n\n\n<p>Unser Angebot kann Links zu externen Webseiten Dritter enthalten, auf deren Inhalte wir keinen Einfluss haben. Deshalb k\u00f6nnen wir f\u00fcr diese fremden Inhalte auch keine Gew\u00e4hr \u00fcbernehmen. F\u00fcr die Inhalte der verlinkten Seiten ist stets der jeweilige Anbieter oder Betreiber der Seiten; verantwortlich. Die verlinkten Seiten wurden zum Zeitpunkt der&nbsp;Verlinkung auf m\u00f6gliche Rechtsverst\u00f6\u00dfe \u00fcberpr\u00fcft. Rechtswidrige Inhalte waren zum Zeitpunkt der Verlinkung nicht erkennbar. Eine permanente inhaltliche Kontrolle der verlinkten Seiten ist jedoch ohne konkrete Anhaltspunkte einer Rechtsverletzung nicht zumutbar. Bei bekannt werden von Rechtsverletzungen werden wir derartige Links umgehend entfernen.<\/p>\n\n\n\n<p><strong>Eingebettete Inhalte von anderen Websites<\/strong><\/p>\n\n\n\n<p>Beitr\u00e4ge auf dieser Website k\u00f6nnen eingebettete Inhalte beinhalten (z.&nbsp;B. Videos, Bilder, Beitr\u00e4ge etc.). Eingebettete Inhalte von anderen Websites verhalten sich exakt so, als ob der Besucher die andere Website besucht h\u00e4tte. Diese Websites k\u00f6nnen Daten \u00fcber sie sammeln, Cookies benutzen, zus\u00e4tzliche Tracking-Dienste von Dritten einbetten und Ihre Interaktion mit diesem eingebetteten Inhalt aufzeichnen, inklusive Ihrer Interaktion mit dem eingebetteten Inhalt, falls Sie ein Konto haben und auf dieser Website angemeldet sind.<\/p>\n\n\n\n<p><strong>Mit wem wir Ihre Daten teilen<\/strong><\/p>\n\n\n\n<p>Standardm\u00e4\u00dfig teilen wir und der Hosting-Anbieter STRATO keine personenbezogenen Daten mit Dritten.<\/p>\n\n\n\n<p><\/p>\n\n\n\n<p><\/p>\n\n\n\n<p><\/p>\n\n\n\n<p><\/p>\n\n\n\n<p><\/p>\n\n\n\n<p><\/p>\n\n\n\n<p><\/p>\n\n\n\n<p><\/p>\n\n\n\n<p><\/p>\n\n\n\n<p><\/p>\n\n\n\n<p><\/p>\n","protected":false},"excerpt":{"rendered":"<p>Wir verarbeiten Ihre Daten daher ausschlie\u00dflich auf Grundlage der gesetzlichen Bestimmungen (EU-Datenschutzgrundverordnung, Telemediengesetz). In diesen Datenschutzinformationen informieren wir Sie \u00fcber die wichtigsten Aspekte der Datenverarbeitung im Rahmen unserer Onlinekommunikation. Personenbeziehbare Daten Wenn Sie&nbsp;per E-Mail, \u00fcber unsere Webseite oder \u00fcber die sozialen Medien Kontakt mit uns aufnehmen, werden Ihre angegebenen Daten zwecks Bearbeitung der Anfrage und&hellip; <a class=\"more-link\" href=\"https:\/\/freundeskreis-asyl-korb.de\/?page_id=3\"><span class=\"screen-reader-text\">Datenschutzerkl\u00e4rung<\/span> weiterlesen<\/a><\/p>\n","protected":false},"author":1,"featured_media":0,"parent":0,"menu_order":12,"comment_status":"closed","ping_status":"open","template":"","meta":{"footnotes":""},"class_list":["post-3","page","type-page","status-publish","hentry","entry"],"_links":{"self":[{"href":"https:\/\/freundeskreis-asyl-korb.de\/index.php?rest_route=\/wp\/v2\/pages\/3","targetHints":{"allow":["GET"]}}],"collection":[{"href":"https:\/\/freundeskreis-asyl-korb.de\/index.php?rest_route=\/wp\/v2\/pages"}],"about":[{"href":"https:\/\/freundeskreis-asyl-korb.de\/index.php?rest_route=\/wp\/v2\/types\/page"}],"author":[{"embeddable":true,"href":"https:\/\/freundeskreis-asyl-korb.de\/index.php?rest_route=\/wp\/v2\/users\/1"}],"replies":[{"embeddable":true,"href":"https:\/\/freundeskreis-asyl-korb.de\/index.php?rest_route=%2Fwp%2Fv2%2Fcomments&post=3"}],"version-history":[{"count":9,"href":"https:\/\/freundeskreis-asyl-korb.de\/index.php?rest_route=\/wp\/v2\/pages\/3\/revisions"}],"predecessor-version":[{"id":1441,"href":"https:\/\/freundeskreis-asyl-korb.de\/index.php?rest_route=\/wp\/v2\/pages\/3\/revisions\/1441"}],"wp:attachment":[{"href":"https:\/\/freundeskreis-asyl-korb.de\/index.php?rest_route=%2Fwp%2Fv2%2Fmedia&parent=3"}],"curies":[{"name":"wp","href":"https:\/\/api.w.org\/{rel}","templated":true}]}}

Datenschutzerklärung

<p>Wir verarbeiten Ihre Daten daher ausschließlich auf Grundlage der gesetzlichen Bestimmungen (EU-Datenschutzgrundverordnung, Telemediengesetz). In diesen Datenschutzinformationen informieren wir Sie über die wichtigsten Aspekte der Datenverarbeitung im Rahmen unserer Onlinekommunikation.</p>



<p><strong>Personenbeziehbare Daten</strong></p>



<p>Wenn Sie&nbsp;per E-Mail, über unsere Webseite oder über die sozialen Medien Kontakt mit uns aufnehmen, werden Ihre angegebenen Daten zwecks Bearbeitung der Anfrage und für den Fall von Anschlussfragen bei uns gespeichert.</p>



<p>Ihre personenbezogenen Daten werden gelöscht, wenn sie nicht mehr erforderlich sind, spätestens nach 10 Jahren. Eine längere Speicherung kann dann erfolgen, wenn der Löschung eine gesetzliche Aufbewahrungsfrist entgegensteht.</p>



<p><strong>Rechtsgrundlagen</strong></p>



<p>Die Datenverarbeitung erfolgt auf Basis der gesetzlichen Bestimmungen und folgender Rechtsgrundlagen gemäß Artikel 6 Abs. 1 der Europäischen Datenschutz-Grundverordnung:</p>



<ul class="wp-block-list">
<li>Einwilligung</li>



<li>Zur Wahrnehmung unseres berechtigten Interesses zum Zwecke der Vereinsziele und die schutzwürdigen Interessen der Betroffenen das erstgenannte Interesse nicht überwiegen.</li>



<li>rechtliche Verpflichtungen</li>
</ul>



<p><strong>Ihre Rechte</strong></p>



<p>Ihnen stehen grundsätzlich die Rechte auf Auskunft, Berichtigung, Löschung, Einschränkung, Datenübertragbarkeit, Widerruf und Widerspruch zu. Schicken Sie uns bitte eine E-Mail an&nbsp;<a href="mailto:Freundeskreis-Asyl-Korb@web.de">Freundeskreis-Asyl-Korb@web.de</a>. Sie erreichen uns auch unter: Freundeskreis Asyl Korb e.V., Fritz-Klett-Str. 3/2, 71404 Korb, Telefon 07151-302002.</p>



<p>Wenn Sie glauben, dass die Verarbeitung Ihrer Daten gegen das Datenschutzrecht verstößt oder Ihre datenschutzrechtlichen Ansprüche sonst in einer Weise verletzt worden sind, können Sie sich bei dem&nbsp;<a href="https://www.baden-wuerttemberg.datenschutz.de/">Landesdatenschutzbeauftragten</a> beschweren.</p>



<p><strong>Hosting</strong></p>



<p>Wir lassen unsere Website bei dem Anbieter „STRATO“ hosten (https://www.strato.de/). Durch den Zugriff auf unsere Webseite werden durch Ihren Internetbrowser Daten an unseren Hostinganbieter „STRATO“ übermittelt.</p>



<p><em>Zu diesen Zugriffsdaten gehören der Name der abgerufenen Webseite, die heruntergeladenen Dateien, die übertragene Datenmenge, eine Meldung über den erfolgreichen Abruf, Datum und Uhrzeit des Abrufs, Browsertyp nebst Versionsnummer, das Betriebssystem des Nutzers, die IP-Adresse und der anfragende Provider und gegebenenfalls die Webseite, von der aus ein Zugriff erfolgt ist. Diese sogenannte Serverlogfiles werden aus Sicherheitsgründen (z.B. zur Aufklärung von Missbrauchs- oder Betrugshandlungen) für die Dauer von maximal &#8230; Tagen gespeichert und danach gelöscht. Daten, deren weitere Aufbewahrung zu Beweiszwecken erforderlich ist, sind bis zur endgültigen Klärung des jeweiligen Vorfalls von der Löschung ausgenommen.</em></p>



<p>Diese Website verwendet LocalStorage, um die Einstellung zu speichern, wenn die Unterstützung für den Dark Mode ein- oder ausgeschaltet wird. LocalStorage ist notwendig, damit die Einstellung funktioniert, und wird nur verwendet, wenn ein Benutzer auf die Schaltfläche Dark Mode klickt. Es werden keine Daten in die Datenbank gespeichert oder übertragen.</p>



<p><em>Diese im Zusammenhang mit dieser Website erhobene Daten werden ausschließlich für deren Betrieb verwendet.</em><em></em></p>



<p><em>Darüber hinaus sammelt STRATO keine personenbezogenen Daten über Benutzer.</em></p>



<p><strong>Analysedaten</strong></p>



<p>Standardmäßig sammelt STRATO keine Analysedaten</p>



<p><strong>Links zu anderen Websites</strong></p>



<p>Unser Angebot kann Links zu externen Webseiten Dritter enthalten, auf deren Inhalte wir keinen Einfluss haben. Deshalb können wir für diese fremden Inhalte auch keine Gewähr übernehmen. Für die Inhalte der verlinkten Seiten ist stets der jeweilige Anbieter oder Betreiber der Seiten; verantwortlich. Die verlinkten Seiten wurden zum Zeitpunkt der&nbsp;Verlinkung auf mögliche Rechtsverstöße überprüft. Rechtswidrige Inhalte waren zum Zeitpunkt der Verlinkung nicht erkennbar. Eine permanente inhaltliche Kontrolle der verlinkten Seiten ist jedoch ohne konkrete Anhaltspunkte einer Rechtsverletzung nicht zumutbar. Bei bekannt werden von Rechtsverletzungen werden wir derartige Links umgehend entfernen.</p>



<p><strong>Eingebettete Inhalte von anderen Websites</strong></p>



<p>Beiträge auf dieser Website können eingebettete Inhalte beinhalten (z.&nbsp;B. Videos, Bilder, Beiträge etc.). Eingebettete Inhalte von anderen Websites verhalten sich exakt so, als ob der Besucher die andere Website besucht hätte. Diese Websites können Daten über sie sammeln, Cookies benutzen, zusätzliche Tracking-Dienste von Dritten einbetten und Ihre Interaktion mit diesem eingebetteten Inhalt aufzeichnen, inklusive Ihrer Interaktion mit dem eingebetteten Inhalt, falls Sie ein Konto haben und auf dieser Website angemeldet sind.</p>



<p><strong>Mit wem wir Ihre Daten teilen</strong></p>



<p>Standardmäßig teilen wir und der Hosting-Anbieter STRATO keine personenbezogenen Daten mit Dritten.</p>



<p></p>



<p></p>



<p></p>



<p></p>



<p></p>



<p></p>



<p></p>



<p></p>



<p></p>



<p></p>



<p></p>

<p>Wir verarbeiten Ihre Daten daher ausschließlich auf Grundlage der gesetzlichen Bestimmungen (EU-Datenschutzgrundverordnung, Telemediengesetz). In diesen Datenschutzinformationen informieren wir Sie über die wichtigsten Aspekte der Datenverarbeitung im Rahmen unserer Onlinekommunikation. Personenbeziehbare Daten Wenn Sie&nbsp;per E-Mail, über unsere Webseite oder über die sozialen Medien Kontakt mit uns aufnehmen, werden Ihre angegebenen Daten zwecks Bearbeitung der Anfrage und&hellip; <a class="more-link" href="https://freundeskreis-asyl-korb.de/?page_id=3"><span class="screen-reader-text">Datenschutzerklärung</span> weiterlesen</a></p>
