{"id":395,"date":"2025-06-07T22:52:43","date_gmt":"2025-06-07T20:52:43","guid":{"rendered":"https:\/\/freundeskreis-asyl-korb.de\/?page_id=395"},"modified":"2026-03-06T16:54:19","modified_gmt":"2026-03-06T15:54:19","slug":"begegnung","status":"publish","type":"page","link":"https:\/\/freundeskreis-asyl-korb.de\/?page_id=395","title":{"rendered":"Begegnung"},"content":{"rendered":"\n<p>In unserer S\u00e4ule Begegnung versuchen wir, nicht nur Gefl\u00fcchteten sondern allen Einwohnern von Korb Gelegenheiten zu bieten, sich zu treffen und kennen zu lernen.<\/p>\n\n\n\n<div class=\"wp-block-group\"><div class=\"wp-block-group__inner-container is-layout-constrained wp-block-group-is-layout-constrained\">\n<p>Eine inzwischen etablierte Veranstaltungt ist das <strong>Caf\u00e9 International<\/strong>, das wir vier bis f\u00fcnf mal j\u00e4hrlich zusammen mit einer Kirchengemeinde oder den Landfrauen veranstalten. Hier kann man sich bei kostenlosem Kaffee und Kuchen treffen, f\u00fcr die Kinder gibt es eine Spielecke und ein wechselndes Kulturprogramm gibt es auch.<\/p>\n<\/div><\/div>\n\n\n\n<figure class=\"wp-block-image size-large\"><img loading=\"lazy\" decoding=\"async\" width=\"1024\" height=\"768\" src=\"https:\/\/freundeskreis-asyl-korb.de\/wp-content\/uploads\/2025\/06\/Cafe-International-Juni-2025-ret-1-1024x768.jpg\" alt=\"\" class=\"wp-image-713\" srcset=\"https:\/\/freundeskreis-asyl-korb.de\/wp-content\/uploads\/2025\/06\/Cafe-International-Juni-2025-ret-1-1024x768.jpg 1024w, https:\/\/freundeskreis-asyl-korb.de\/wp-content\/uploads\/2025\/06\/Cafe-International-Juni-2025-ret-1-300x225.jpg 300w, https:\/\/freundeskreis-asyl-korb.de\/wp-content\/uploads\/2025\/06\/Cafe-International-Juni-2025-ret-1-768x576.jpg 768w, https:\/\/freundeskreis-asyl-korb.de\/wp-content\/uploads\/2025\/06\/Cafe-International-Juni-2025-ret-1-1536x1152.jpg 1536w, https:\/\/freundeskreis-asyl-korb.de\/wp-content\/uploads\/2025\/06\/Cafe-International-Juni-2025-ret-1-1568x1176.jpg 1568w, https:\/\/freundeskreis-asyl-korb.de\/wp-content\/uploads\/2025\/06\/Cafe-International-Juni-2025-ret-1.jpg 1600w\" sizes=\"auto, (max-width: 1024px) 100vw, 1024px\" \/><\/figure>\n\n\n\n<p>Im <strong>Garten der Begegnung<\/strong> kann man sich nicht nur beim G\u00e4rtnern treffen, sondern auch gemeinsam feiern. Bei gutem Wetter treffen sich die Betreuenden Samstags um 11:00 Uhr. <\/p>\n\n\n\n<p>Wir freuen uns auf Ihren Besuch! <img loading=\"lazy\" decoding=\"async\" width=\"150\" height=\"203\" class=\"wp-image-545\" style=\"width: 150px;\" src=\"https:\/\/freundeskreis-asyl-korb.de\/wp-content\/uploads\/2025\/06\/Garten.png\" alt=\"\" srcset=\"https:\/\/freundeskreis-asyl-korb.de\/wp-content\/uploads\/2025\/06\/Garten.png 385w, https:\/\/freundeskreis-asyl-korb.de\/wp-content\/uploads\/2025\/06\/Garten-222x300.png 222w\" sizes=\"auto, (max-width: 150px) 100vw, 150px\" \/><\/p>\n\n\n\n<figure class=\"wp-block-image size-large\"><img decoding=\"async\" src=\"https:\/\/freundeskreis-asyl-korb.de\/wp-content\/uploads\/2025\/06\/Garten-der-Begegnung-1024x577.jpg\" alt=\"\" class=\"wp-image-724\"\/><\/figure>\n\n\n\n<p>Auch Bastelnachmittage oder gemeinsames Kochen werden gerne angenommen.<\/p>\n\n\n\n<div class=\"wp-block-group has-purple-background-color has-background\"><div class=\"wp-block-group__inner-container is-layout-constrained wp-block-group-is-layout-constrained\">\n<h4 class=\"wp-block-heading has-text-align-center\">Sie erreichen uns:<\/h4>\n\n\n\n<p class=\"has-text-align-center has-normal-font-size\">freundeskreis-asyl-korb@web.de<\/p>\n\n\n\n<p class=\"has-small-font-size\">Ansprechpartner der S\u00e4ule:<\/p>\n\n\n\n<p class=\"has-small-font-size\">S\u00e4ulensprecher: Ruth Messer: ruthmartamesser@web.de<\/p>\n\n\n\n<p class=\"has-small-font-size\">Caf\u00e9 International: Rose Schaaf: rosemischaaf@web.de<\/p>\n<\/div><\/div>\n\n\n\n<h3 class=\"wp-block-heading has-text-align-left has-red-background-color has-background\">Hilfreiche Links f\u00fcr Gefl\u00fcchtete<\/h3>\n\n\n\n<div class=\"wp-block-group\"><div class=\"wp-block-group__inner-container is-layout-constrained wp-block-group-is-layout-constrained\">\n<div class=\"wp-block-group has-red-background-color has-background\"><div class=\"wp-block-group__inner-container is-layout-constrained wp-block-group-is-layout-constrained\">\n<p><a href=\"https:\/\/www.sckorb.de\/start.html\">Sport-Club in Korb &#8211; SC Korb Hauptverein<\/a><\/p>\n\n\n\n<p><a href=\"https:\/\/www.korb.de\/de\/freizeit-kultur\/kinder-jugendliche\/jugendtreff\">Gemeinde Korb&nbsp;|&nbsp;Jugendtreff&nbsp;|&nbsp;<\/a><\/p>\n\n\n\n<p><a href=\"https:\/\/zwrev.de\/\">| zwr e.V.<\/a><\/p>\n\n\n\n<p><a href=\"https:\/\/www.kubusev.org\/\">kubus &#8211; Kultur &amp; Begegnung f\u00fcr Menschen in unterschiedlichen Situationen<\/a><\/p>\n\n\n\n<p><a href=\"https:\/\/diversity-akademie.org\/#\">Diversity Akademie<\/a><\/p>\n<\/div><\/div>\n\n\n\n<div class=\"wp-block-group has-red-background-color has-background\"><div class=\"wp-block-group__inner-container is-layout-constrained wp-block-group-is-layout-constrained\">\n<div data-wp-interactive=\"core\/file\" class=\"wp-block-file\"><object data-wp-bind--hidden=\"!state.hasPdfPreview\" hidden class=\"wp-block-file__embed\" data=\"https:\/\/freundeskreis-asyl-korb.de\/wp-content\/uploads\/2026\/03\/PLEKS-Begegnungscafe.pdf\" type=\"application\/pdf\" style=\"width:100%;height:600px\" aria-label=\"Einbettung von PLEKS Begegnungscafe.\"><\/object><a id=\"wp-block-file--media-e0e99acc-aeb2-46ff-8636-629b0b6f2179\" href=\"https:\/\/freundeskreis-asyl-korb.de\/wp-content\/uploads\/2026\/03\/PLEKS-Begegnungscafe.pdf\">PLEKS Begegnungscafe<\/a><a href=\"https:\/\/freundeskreis-asyl-korb.de\/wp-content\/uploads\/2026\/03\/PLEKS-Begegnungscafe.pdf\" class=\"wp-block-file__button wp-element-button\" download aria-describedby=\"wp-block-file--media-e0e99acc-aeb2-46ff-8636-629b0b6f2179\">Herunterladen<\/a><\/div>\n<\/div><\/div>\n<\/div><\/div>\n\n\n\n<p><\/p>\n","protected":false},"excerpt":{"rendered":"<p>In unserer S\u00e4ule Begegnung versuchen wir, nicht nur Gefl\u00fcchteten sondern allen Einwohnern von Korb Gelegenheiten zu bieten, sich zu treffen und kennen zu lernen. Eine inzwischen etablierte Veranstaltungt ist das Caf\u00e9 International, das wir vier bis f\u00fcnf mal j\u00e4hrlich zusammen mit einer Kirchengemeinde oder den Landfrauen veranstalten. Hier kann man sich bei kostenlosem Kaffee und&hellip; <a class=\"more-link\" href=\"https:\/\/freundeskreis-asyl-korb.de\/?page_id=395\"><span class=\"screen-reader-text\">Begegnung<\/span> weiterlesen<\/a><\/p>\n","protected":false},"author":2,"featured_media":0,"parent":0,"menu_order":2,"comment_status":"closed","ping_status":"closed","template":"","meta":{"footnotes":""},"class_list":["post-395","page","type-page","status-publish","hentry","entry"],"_links":{"self":[{"href":"https:\/\/freundeskreis-asyl-korb.de\/index.php?rest_route=\/wp\/v2\/pages\/395","targetHints":{"allow":["GET"]}}],"collection":[{"href":"https:\/\/freundeskreis-asyl-korb.de\/index.php?rest_route=\/wp\/v2\/pages"}],"about":[{"href":"https:\/\/freundeskreis-asyl-korb.de\/index.php?rest_route=\/wp\/v2\/types\/page"}],"author":[{"embeddable":true,"href":"https:\/\/freundeskreis-asyl-korb.de\/index.php?rest_route=\/wp\/v2\/users\/2"}],"replies":[{"embeddable":true,"href":"https:\/\/freundeskreis-asyl-korb.de\/index.php?rest_route=%2Fwp%2Fv2%2Fcomments&post=395"}],"version-history":[{"count":20,"href":"https:\/\/freundeskreis-asyl-korb.de\/index.php?rest_route=\/wp\/v2\/pages\/395\/revisions"}],"predecessor-version":[{"id":1348,"href":"https:\/\/freundeskreis-asyl-korb.de\/index.php?rest_route=\/wp\/v2\/pages\/395\/revisions\/1348"}],"wp:attachment":[{"href":"https:\/\/freundeskreis-asyl-korb.de\/index.php?rest_route=%2Fwp%2Fv2%2Fmedia&parent=395"}],"curies":[{"name":"wp","href":"https:\/\/api.w.org\/{rel}","templated":true}]}}

<p>In unserer Säule Begegnung versuchen wir, nicht nur Geflüchteten sondern allen Einwohnern von Korb Gelegenheiten zu bieten, sich zu treffen und kennen zu lernen.</p>



<div class="wp-block-group"><div class="wp-block-group__inner-container is-layout-constrained wp-block-group-is-layout-constrained">
<p>Eine inzwischen etablierte Veranstaltungt ist das <strong>Café International</strong>, das wir vier bis fünf mal jährlich zusammen mit einer Kirchengemeinde oder den Landfrauen veranstalten. Hier kann man sich bei kostenlosem Kaffee und Kuchen treffen, für die Kinder gibt es eine Spielecke und ein wechselndes Kulturprogramm gibt es auch.</p>
</div></div>



<figure class="wp-block-image size-large"><img loading="lazy" decoding="async" width="1024" height="768" src="https://freundeskreis-asyl-korb.de/wp-content/uploads/2025/06/Cafe-International-Juni-2025-ret-1-1024x768.jpg" alt="" class="wp-image-713" srcset="https://freundeskreis-asyl-korb.de/wp-content/uploads/2025/06/Cafe-International-Juni-2025-ret-1-1024x768.jpg 1024w, https://freundeskreis-asyl-korb.de/wp-content/uploads/2025/06/Cafe-International-Juni-2025-ret-1-300x225.jpg 300w, https://freundeskreis-asyl-korb.de/wp-content/uploads/2025/06/Cafe-International-Juni-2025-ret-1-768x576.jpg 768w, https://freundeskreis-asyl-korb.de/wp-content/uploads/2025/06/Cafe-International-Juni-2025-ret-1-1536x1152.jpg 1536w, https://freundeskreis-asyl-korb.de/wp-content/uploads/2025/06/Cafe-International-Juni-2025-ret-1-1568x1176.jpg 1568w, https://freundeskreis-asyl-korb.de/wp-content/uploads/2025/06/Cafe-International-Juni-2025-ret-1.jpg 1600w" sizes="auto, (max-width: 1024px) 100vw, 1024px" /></figure>



<p>Im <strong>Garten der Begegnung</strong> kann man sich nicht nur beim Gärtnern treffen, sondern auch gemeinsam feiern. Bei gutem Wetter treffen sich die Betreuenden Samstags um 11:00 Uhr. </p>



<p>Wir freuen uns auf Ihren Besuch! <img loading="lazy" decoding="async" width="150" height="203" class="wp-image-545" style="width: 150px;" src="https://freundeskreis-asyl-korb.de/wp-content/uploads/2025/06/Garten.png" alt="" srcset="https://freundeskreis-asyl-korb.de/wp-content/uploads/2025/06/Garten.png 385w, https://freundeskreis-asyl-korb.de/wp-content/uploads/2025/06/Garten-222x300.png 222w" sizes="auto, (max-width: 150px) 100vw, 150px" /></p>



<figure class="wp-block-image size-large"><img decoding="async" src="https://freundeskreis-asyl-korb.de/wp-content/uploads/2025/06/Garten-der-Begegnung-1024x577.jpg" alt="" class="wp-image-724"/></figure>



<p>Auch Bastelnachmittage oder gemeinsames Kochen werden gerne angenommen.</p>



<div class="wp-block-group has-purple-background-color has-background"><div class="wp-block-group__inner-container is-layout-constrained wp-block-group-is-layout-constrained">
<h4 class="wp-block-heading has-text-align-center">Sie erreichen uns:</h4>



<p class="has-text-align-center has-normal-font-size">freundeskreis-asyl-korb@web.de</p>



<p class="has-small-font-size">Ansprechpartner der Säule:</p>



<p class="has-small-font-size">Säulensprecher: Ruth Messer: ruthmartamesser@web.de</p>



<p class="has-small-font-size">Café International: Rose Schaaf: rosemischaaf@web.de</p>
</div></div>



<h3 class="wp-block-heading has-text-align-left has-red-background-color has-background">Hilfreiche Links für Geflüchtete</h3>



<div class="wp-block-group"><div class="wp-block-group__inner-container is-layout-constrained wp-block-group-is-layout-constrained">
<div class="wp-block-group has-red-background-color has-background"><div class="wp-block-group__inner-container is-layout-constrained wp-block-group-is-layout-constrained">
<p><a href="https://www.sckorb.de/start.html">Sport-Club in Korb &#8211; SC Korb Hauptverein</a></p>



<p><a href="https://www.korb.de/de/freizeit-kultur/kinder-jugendliche/jugendtreff">Gemeinde Korb&nbsp;|&nbsp;Jugendtreff&nbsp;|&nbsp;</a></p>



<p><a href="https://zwrev.de/">| zwr e.V.</a></p>



<p><a href="https://www.kubusev.org/">kubus &#8211; Kultur &amp; Begegnung für Menschen in unterschiedlichen Situationen</a></p>



<p><a href="https://diversity-akademie.org/#">Diversity Akademie</a></p>
</div></div>



<div class="wp-block-group has-red-background-color has-background"><div class="wp-block-group__inner-container is-layout-constrained wp-block-group-is-layout-constrained">
<div data-wp-interactive="core/file" class="wp-block-file"><object data-wp-bind--hidden="!state.hasPdfPreview" hidden class="wp-block-file__embed" data="https://freundeskreis-asyl-korb.de/wp-content/uploads/2026/03/PLEKS-Begegnungscafe.pdf" type="application/pdf" style="width:100%;height:600px" aria-label="Einbettung von PLEKS Begegnungscafe."></object><a id="wp-block-file--media-e0e99acc-aeb2-46ff-8636-629b0b6f2179" href="https://freundeskreis-asyl-korb.de/wp-content/uploads/2026/03/PLEKS-Begegnungscafe.pdf">PLEKS Begegnungscafe</a><a href="https://freundeskreis-asyl-korb.de/wp-content/uploads/2026/03/PLEKS-Begegnungscafe.pdf" class="wp-block-file__button wp-element-button" download aria-describedby="wp-block-file--media-e0e99acc-aeb2-46ff-8636-629b0b6f2179">Herunterladen</a></div>
</div></div>
</div></div>



<p></p>

<p>In unserer Säule Begegnung versuchen wir, nicht nur Geflüchteten sondern allen Einwohnern von Korb Gelegenheiten zu bieten, sich zu treffen und kennen zu lernen. Eine inzwischen etablierte Veranstaltungt ist das Café International, das wir vier bis fünf mal jährlich zusammen mit einer Kirchengemeinde oder den Landfrauen veranstalten. Hier kann man sich bei kostenlosem Kaffee und&hellip; <a class="more-link" href="https://freundeskreis-asyl-korb.de/?page_id=395"><span class="screen-reader-text">Begegnung</span> weiterlesen</a></p>
