{"id":473,"date":"2025-06-08T14:59:33","date_gmt":"2025-06-08T12:59:33","guid":{"rendered":"https:\/\/freundeskreis-asyl-korb.de\/?page_id=473"},"modified":"2026-03-16T21:02:19","modified_gmt":"2026-03-16T20:02:19","slug":"alltag","status":"publish","type":"page","link":"https:\/\/freundeskreis-asyl-korb.de\/?page_id=473","title":{"rendered":"Alltag"},"content":{"rendered":"\n<p>Ziel dieser S\u00e4ule soll sein, Menschen bei allt\u00e4glichen Themen zu unterst\u00fctzen. Hausaufgabenbetreuung, ein Besuch beim Arzt oder ein Termin in der Schule, die Suche nach einem Ausbildungsplatz oder einer Wohnung, \u2026<\/p>\n\n\n\n<p>Alle aktiven Vereinsmitglieder versuchen, diese Themen zus\u00e4tzlich zu den sonstigen Aufgaben abzudecken, soweit es m\u00f6glich ist. Der Bedarf ist jedoch gro\u00df, deshalb w\u00fcrden wir diese S\u00e4ule gerne (wieder) aufbauen.<\/p>\n\n\n\n<p>Wir w\u00fcrden uns einige Aktive w\u00fcnschen, die je nach Bedarf angesprochen werden k\u00f6nnen.<\/p>\n\n\n\n<p>Hilfreich w\u00e4re es, wenn Sie eine Fremdsprache sprechen oder eine andere Muttersprache als Deutsch haben, aber \u00fcber ausreichend Deutschkenntnisse verf\u00fcgen. Die Handy-Apps erleichtern zwar die Kommunikation, aber in manchen F\u00e4llen ist es f\u00fcr die Gefl\u00fcchteten gut, jemanden zu haben, mit dem sie sich in ihrer Muttersprache unterhalten k\u00f6nnen. (Englisch, Franz\u00f6sisch, Persisch, T\u00fcrkisch, Arabisch, Ukrainisch, \u2026). Das ist aber keine Voraussetzung.<\/p>\n\n\n\n<p>Sie haben Interesse daran, uns zu unterst\u00fctzen?<\/p>\n\n\n\n<p class=\"has-blue-background-color has-background\"><strong>Sie suchen Auszubildende \/ Praktikanten \/ Mitarbeiter? Vielleicht m\u00f6chten Sie Gefl\u00fcchteten eine Chance geben? <\/strong><\/p>\n\n\n\n<p class=\"has-blue-background-color has-background\"><strong>Sie haben eine Wohnung zu vermieten? Haben Sie schon einmal daran gedacht, an Gefl\u00fcchtete zu vermieten?<\/strong><\/p>\n\n\n\n<p>Schauen Sie auch mal auf die Seite <a href=\"https:\/\/freundeskreis-asyl-korb.de\/?page_id=846\" data-type=\"page\" data-id=\"846\">Wir suchen \u2026<\/a>. Wir freuen uns auf Ihr Angebot!<\/p>\n\n\n\n<div class=\"wp-block-group\"><div class=\"wp-block-group__inner-container is-layout-constrained wp-block-group-is-layout-constrained\">\n<div class=\"wp-block-group has-purple-background-color has-background\"><div class=\"wp-block-group__inner-container is-layout-constrained wp-block-group-is-layout-constrained\">\n<h4 class=\"wp-block-heading has-text-align-center\">Sie erreichen uns:<\/h4>\n\n\n\n<p class=\"has-text-align-center has-normal-font-size\">freundeskreis-asyl-korb@web.de<\/p>\n\n\n\n<p class=\"has-small-font-size\">Kontakt: Kornelia Schierwath<\/p>\n<\/div><\/div>\n<\/div><\/div>\n\n\n\n<h3 class=\"wp-block-heading has-red-background-color has-background\">Hilfreiche Links f\u00fcr Gefl\u00fcchtete<\/h3>\n\n\n\n<div class=\"wp-block-group\"><div class=\"wp-block-group__inner-container is-layout-constrained wp-block-group-is-layout-constrained\">\n<div class=\"wp-block-group\"><div class=\"wp-block-group__inner-container is-layout-constrained wp-block-group-is-layout-constrained\">\n<div class=\"wp-block-group has-red-background-color has-background\"><div class=\"wp-block-group__inner-container is-layout-constrained wp-block-group-is-layout-constrained\">\n<p><a href=\"https:\/\/www.arbeitsagentur.de\/\">Startseite | Bundesagentur f\u00fcr Arbeit<\/a><\/p>\n\n\n\n<p><a href=\"https:\/\/www.korb.de\/de\/politik-verwaltung\/mitteilungsblatt\/aktuelles-mitteilungsblatt-und-haeufige-fragen-und-antworten\">Gemeinde Korb&nbsp;|&nbsp;Aktuelles Mitteilungsblatt und H\u00e4ufige Fragen und Antworten&nbsp;|&nbsp;<\/a><\/p>\n\n\n\n<p><a href=\"https:\/\/www.waiblingen.de\/de\/Die-Stadt\/Aktuelles\/Meldungen-aus-der-Stadt\">Meldungen aus der Stadt | Stadt Waiblingen &#8211; Junge Stadt in alten Mauern<\/a> <\/p>\n\n\n\n<p><a href=\"https:\/\/www.vvs.de\/\">VVS<\/a><\/p>\n<\/div><\/div>\n<\/div><\/div>\n<\/div><\/div>\n\n\n\n<div class=\"wp-block-group\"><div class=\"wp-block-group__inner-container is-layout-constrained wp-block-group-is-layout-constrained\">\n<div class=\"wp-block-group\"><div class=\"wp-block-group__inner-container is-layout-constrained wp-block-group-is-layout-constrained\">\n<div class=\"wp-block-group has-red-background-color has-background\"><div class=\"wp-block-group__inner-container is-layout-constrained wp-block-group-is-layout-constrained\">\n<p>Falls man einen ausl\u00e4ndischen Abschluss anerkennen lassen m\u00f6chte:<\/p>\n\n\n\n<p><a href=\"https:\/\/rps.baden-wuerttemberg.de\/abt7\/zeugnisanerkennungsstelle\/\">Zeugnisanerkennung, Zeugnisanerkennungsstelle, Regierungspr\u00e4sidium Stuttgart Bildungsnachweis aus dem Ausland, Anerkennung Ausl\u00e4ndischer Abschl\u00fcsse | Regierungspr\u00e4sidium Stuttgart<\/a><\/p>\n<\/div><\/div>\n<\/div><\/div>\n\n\n\n<div class=\"wp-block-group\"><div class=\"wp-block-group__inner-container is-layout-constrained wp-block-group-is-layout-constrained\">\n<div class=\"wp-block-group has-red-background-color has-background\"><div class=\"wp-block-group__inner-container is-layout-constrained wp-block-group-is-layout-constrained\">\n<p>Assistierte Ausbildung (Angebot der Arbeitsagentur)<\/p>\n\n\n\n<p>Du hast Probleme, eine Ausbildung zu finden oder brauchst Nachhilfe?<\/p>\n\n\n\n<p><a href=\"https:\/\/www.arbeitsagentur.de\/bildung\/ausbildung\/assistierte-ausbildung-machen\">Assistierte Ausbildung (AsA) | Bundesagentur f\u00fcr Arbeit<\/a><\/p>\n<\/div><\/div>\n<\/div><\/div>\n<\/div><\/div>\n\n\n\n<div class=\"wp-block-group has-red-background-color has-background\"><div class=\"wp-block-group__inner-container is-layout-constrained wp-block-group-is-layout-constrained\">\n<p>Hilfreiche Informationen f\u00fcr die Suche nach einem Ausbildungsplatz<\/p>\n\n\n\n<p><strong>F\u00fcr eine individuelle Beratung reicht ein Anruf bei der Hotline der Arbeitsagentur (0800\/4 5555 00). Oder ein spontaner Besuch im Berufsinformationszentrum Waiblingen: jeden Donnerstag von 14 bis 17 Uhr, auch ohne Termin.&nbsp;<\/strong><\/p>\n\n\n\n<p><\/p>\n\n\n\n<p><\/p>\n\n\n\n<div data-wp-interactive=\"core\/file\" class=\"wp-block-file\"><object data-wp-bind--hidden=\"!state.hasPdfPreview\" hidden class=\"wp-block-file__embed\" data=\"https:\/\/freundeskreis-asyl-korb.de\/wp-content\/uploads\/2025\/08\/Ausbildung-in-Deutschland.pdf\" type=\"application\/pdf\" style=\"width:100%;height:600px\" aria-label=\"Einbettung von Ausbildung in Deutschland.\"><\/object><a id=\"wp-block-file--media-562d2b16-a343-4951-a843-e9b6c25ad799\" href=\"https:\/\/freundeskreis-asyl-korb.de\/wp-content\/uploads\/2025\/08\/Ausbildung-in-Deutschland.pdf\">Ausbildung in Deutschland<\/a><a href=\"https:\/\/freundeskreis-asyl-korb.de\/wp-content\/uploads\/2025\/08\/Ausbildung-in-Deutschland.pdf\" class=\"wp-block-file__button wp-element-button\" download aria-describedby=\"wp-block-file--media-562d2b16-a343-4951-a843-e9b6c25ad799\">Herunterladen<\/a><\/div>\n\n\n\n<div data-wp-interactive=\"core\/file\" class=\"wp-block-file\"><object data-wp-bind--hidden=\"!state.hasPdfPreview\" hidden class=\"wp-block-file__embed\" data=\"https:\/\/freundeskreis-asyl-korb.de\/wp-content\/uploads\/2025\/08\/Ausbildungsberufe.pdf\" type=\"application\/pdf\" style=\"width:100%;height:600px\" aria-label=\"Einbettung von Ausbildungsberufe.\"><\/object><a id=\"wp-block-file--media-a21add7d-9eb7-4344-bb94-3e56d003d2b9\" href=\"https:\/\/freundeskreis-asyl-korb.de\/wp-content\/uploads\/2025\/08\/Ausbildungsberufe.pdf\">Ausbildungsberufe<\/a><a href=\"https:\/\/freundeskreis-asyl-korb.de\/wp-content\/uploads\/2025\/08\/Ausbildungsberufe.pdf\" class=\"wp-block-file__button wp-element-button\" download aria-describedby=\"wp-block-file--media-a21add7d-9eb7-4344-bb94-3e56d003d2b9\">Herunterladen<\/a><\/div>\n\n\n\n<div data-wp-interactive=\"core\/file\" class=\"wp-block-file\"><object data-wp-bind--hidden=\"!state.hasPdfPreview\" hidden class=\"wp-block-file__embed\" data=\"https:\/\/freundeskreis-asyl-korb.de\/wp-content\/uploads\/2025\/08\/Linkliste-der-Berufsberatung-zum-Thema-Berufswahl.pdf\" type=\"application\/pdf\" style=\"width:100%;height:600px\" aria-label=\"Einbettung von Linkliste der Berufsberatung zum Thema Berufswahl.\"><\/object><a id=\"wp-block-file--media-6c2870b0-7a0f-4b9b-af5c-4d42c5b3649b\" href=\"https:\/\/freundeskreis-asyl-korb.de\/wp-content\/uploads\/2025\/08\/Linkliste-der-Berufsberatung-zum-Thema-Berufswahl.pdf\">Linkliste der Berufsberatung zum Thema Berufswahl<\/a><a href=\"https:\/\/freundeskreis-asyl-korb.de\/wp-content\/uploads\/2025\/08\/Linkliste-der-Berufsberatung-zum-Thema-Berufswahl.pdf\" class=\"wp-block-file__button wp-element-button\" download aria-describedby=\"wp-block-file--media-6c2870b0-7a0f-4b9b-af5c-4d42c5b3649b\">Herunterladen<\/a><\/div>\n\n\n\n<figure class=\"wp-block-image size-large\"><img loading=\"lazy\" decoding=\"async\" width=\"883\" height=\"1024\" src=\"https:\/\/freundeskreis-asyl-korb.de\/wp-content\/uploads\/2025\/08\/Uebersicht-Zustaendigkeiten-IHK-Ausbildung-883x1024.jpg\" alt=\"\" class=\"wp-image-1002\" srcset=\"https:\/\/freundeskreis-asyl-korb.de\/wp-content\/uploads\/2025\/08\/Uebersicht-Zustaendigkeiten-IHK-Ausbildung-883x1024.jpg 883w, https:\/\/freundeskreis-asyl-korb.de\/wp-content\/uploads\/2025\/08\/Uebersicht-Zustaendigkeiten-IHK-Ausbildung-259x300.jpg 259w, https:\/\/freundeskreis-asyl-korb.de\/wp-content\/uploads\/2025\/08\/Uebersicht-Zustaendigkeiten-IHK-Ausbildung-768x890.jpg 768w, https:\/\/freundeskreis-asyl-korb.de\/wp-content\/uploads\/2025\/08\/Uebersicht-Zustaendigkeiten-IHK-Ausbildung-1325x1536.jpg 1325w, https:\/\/freundeskreis-asyl-korb.de\/wp-content\/uploads\/2025\/08\/Uebersicht-Zustaendigkeiten-IHK-Ausbildung-1766x2048.jpg 1766w, https:\/\/freundeskreis-asyl-korb.de\/wp-content\/uploads\/2025\/08\/Uebersicht-Zustaendigkeiten-IHK-Ausbildung-1568x1818.jpg 1568w\" sizes=\"auto, (max-width: 883px) 100vw, 883px\" \/><\/figure>\n<\/div><\/div>\n\n\n\n<p class=\"has-yellow-background-color has-background has-large-font-size\">Allgemeine Informationen<\/p>\n\n\n\n<div class=\"wp-block-group\"><div class=\"wp-block-group__inner-container is-layout-constrained wp-block-group-is-layout-constrained\">\n<div class=\"wp-block-group\"><div class=\"wp-block-group__inner-container is-layout-constrained wp-block-group-is-layout-constrained\">\n<div class=\"wp-block-group has-yellow-background-color has-background\"><div class=\"wp-block-group__inner-container is-layout-constrained wp-block-group-is-layout-constrained\">\n<p>Das Projekt\u00a0<strong>IntePP<\/strong>\u2013<strong>I<\/strong>ntegration &#8211;<strong>P<\/strong>sychosoziale\u00a0<strong>P<\/strong>r\u00e4vention\u00a0<em>Passgenaue psychosoziale Unterst\u00fctzung von vulnerablen Altersgruppen ukrainischer Gefl\u00fcchteter im Sozialraum Baden-W\u00fcrttemberg<\/em>\u00a0unterst\u00fctzt ukrainische Gefl\u00fcchtete. Das Projekt wird von der\u00a0<strong>Lechler Stiftung<\/strong>\u00a0und der\u00a0<strong>evangelischen Landeskirche in W\u00fcrttemberg<\/strong>\u00a0gef\u00f6rdert.<\/p>\n\n\n\n<p>Die vier Zielgruppen sind:<\/p>\n\n\n\n<p><strong>Junge Erwachsene\u00a0<\/strong>am \u00dcbergang in Ausbildung und Berufsleben<\/p>\n\n\n\n<p><strong>M\u00fctter mit Kleinkindern\u00a0<\/strong>vor dem Kindergartenalter und schwangere M\u00fctter<\/p>\n\n\n\n<p>M\u00fctter von\u00a0<strong>Kindern und Jugendlichen\u00a0<\/strong>mit (Verdacht auf) AD(H)S<\/p>\n\n\n\n<p>M\u00fctter von\u00a0<strong>Jugendlichen\u00a0<\/strong>mit l\u00e4ngerer Abwesenheit vom dt. Schulunterricht<\/p>\n\n\n\n<div data-wp-interactive=\"core\/file\" class=\"wp-block-file\"><object data-wp-bind--hidden=\"!state.hasPdfPreview\" hidden class=\"wp-block-file__embed\" data=\"https:\/\/freundeskreis-asyl-korb.de\/wp-content\/uploads\/2026\/03\/IntePP-Level-up-1.pdf\" type=\"application\/pdf\" style=\"width:100%;height:600px\" aria-label=\"Einbettung von IntePP Level up.\"><\/object><a id=\"wp-block-file--media-cb6639ed-91f0-4b85-b64d-c2b63b2729e1\" href=\"https:\/\/freundeskreis-asyl-korb.de\/wp-content\/uploads\/2026\/03\/IntePP-Level-up-1.pdf\">IntePP Level up<\/a><a href=\"https:\/\/freundeskreis-asyl-korb.de\/wp-content\/uploads\/2026\/03\/IntePP-Level-up-1.pdf\" class=\"wp-block-file__button wp-element-button\" download aria-describedby=\"wp-block-file--media-cb6639ed-91f0-4b85-b64d-c2b63b2729e1\">Herunterladen<\/a><\/div>\n\n\n\n<div data-wp-interactive=\"core\/file\" class=\"wp-block-file\"><object data-wp-bind--hidden=\"!state.hasPdfPreview\" hidden class=\"wp-block-file__embed\" data=\"https:\/\/freundeskreis-asyl-korb.de\/wp-content\/uploads\/2026\/03\/IntePP-Babys.pdf\" type=\"application\/pdf\" style=\"width:100%;height:600px\" aria-label=\"Einbettung von IntePP Babys.\"><\/object><a id=\"wp-block-file--media-9101e6ae-6b9c-4801-94c0-cc98d1b5f80b\" href=\"https:\/\/freundeskreis-asyl-korb.de\/wp-content\/uploads\/2026\/03\/IntePP-Babys.pdf\">IntePP Babys<\/a><a href=\"https:\/\/freundeskreis-asyl-korb.de\/wp-content\/uploads\/2026\/03\/IntePP-Babys.pdf\" class=\"wp-block-file__button wp-element-button\" download aria-describedby=\"wp-block-file--media-9101e6ae-6b9c-4801-94c0-cc98d1b5f80b\">Herunterladen<\/a><\/div>\n\n\n\n<div data-wp-interactive=\"core\/file\" class=\"wp-block-file\"><object data-wp-bind--hidden=\"!state.hasPdfPreview\" hidden class=\"wp-block-file__embed\" data=\"https:\/\/freundeskreis-asyl-korb.de\/wp-content\/uploads\/2026\/03\/IntePP-Schulabsentismus.pdf\" type=\"application\/pdf\" style=\"width:100%;height:600px\" aria-label=\"Einbettung von IntePP Schulabsentismus.\"><\/object><a id=\"wp-block-file--media-87de1db4-31ac-4d1d-935f-78e8ff4684fe\" href=\"https:\/\/freundeskreis-asyl-korb.de\/wp-content\/uploads\/2026\/03\/IntePP-Schulabsentismus.pdf\">IntePP Schulabsentismus<\/a><a href=\"https:\/\/freundeskreis-asyl-korb.de\/wp-content\/uploads\/2026\/03\/IntePP-Schulabsentismus.pdf\" class=\"wp-block-file__button wp-element-button\" download aria-describedby=\"wp-block-file--media-87de1db4-31ac-4d1d-935f-78e8ff4684fe\">Herunterladen<\/a><\/div>\n\n\n\n<div data-wp-interactive=\"core\/file\" class=\"wp-block-file\"><object data-wp-bind--hidden=\"!state.hasPdfPreview\" hidden class=\"wp-block-file__embed\" data=\"https:\/\/freundeskreis-asyl-korb.de\/wp-content\/uploads\/2026\/03\/IntePP-ADHS.pdf\" type=\"application\/pdf\" style=\"width:100%;height:600px\" aria-label=\"Einbettung von IntePP ADHS.\"><\/object><a id=\"wp-block-file--media-e96faa42-8d45-40fc-823f-11a443e1d82e\" href=\"https:\/\/freundeskreis-asyl-korb.de\/wp-content\/uploads\/2026\/03\/IntePP-ADHS.pdf\">IntePP ADHS<\/a><a href=\"https:\/\/freundeskreis-asyl-korb.de\/wp-content\/uploads\/2026\/03\/IntePP-ADHS.pdf\" class=\"wp-block-file__button wp-element-button\" download aria-describedby=\"wp-block-file--media-e96faa42-8d45-40fc-823f-11a443e1d82e\">Herunterladen<\/a><\/div>\n<\/div><\/div>\n\n\n\n<div class=\"wp-block-group has-yellow-background-color has-background\"><div class=\"wp-block-group__inner-container is-layout-constrained wp-block-group-is-layout-constrained\">\n<p><strong>Wie unterst\u00fctzt das Jobcenter bei der Miete?<\/strong><\/p>\n\n\n\n<p><a href=\"https:\/\/www.jobcenter-rems-murr.de\/files\/Redaktion\/pdf%27s\/Formulare\/Mietobergrenzen_ab_2024.pdf\">Mietobergrenzen_ab_2024.pdf<\/a>  <\/p>\n<\/div><\/div>\n<\/div><\/div>\n<\/div><\/div>\n\n\n\n<div class=\"wp-block-group has-yellow-background-color has-background\"><div class=\"wp-block-group__inner-container is-layout-constrained wp-block-group-is-layout-constrained\">\n<p class=\"has-text-align-left has-yellow-background-color has-background has-normal-font-size\"><strong>Unterst\u00fctzung bei der Arbeitssuche f\u00fcr Gefl\u00fcchtete ohne B1<\/strong><\/p>\n\n\n\n<p>Beim Job-Center erfolgt die Betreuung durch das IBA-Team. (IBA = Integration &#8211; Beratung &#8211; Arbeit) <em><u>Kontakt: <a href=\"mailto:Jobcenter-Rems-Murr.IBA-Team@jobcenter-ge.de\">Jobcenter-Rems-Murr.IBA-Team@jobcenter-ge.de<\/a><\/u><\/em><\/p>\n\n\n\n<p>Dort gibt es auch Betriebsaquisiteure, die Kontakte zu Firmen herstellen. <em><u>Kontakt: <a href=\"mailto:Jobcenter-Rems-Murr.BAQ@jobcenter-ge.de\">Jobcenter-Rems-Murr.BAQ@jobcenter-ge.de<\/a><\/u><\/em><\/p>\n\n\n\n<p><br>Beide Bereiche arbeiten zusammen.<\/p>\n<\/div><\/div>\n\n\n\n<div class=\"wp-block-group has-yellow-background-color has-background\"><div class=\"wp-block-group__inner-container is-layout-constrained wp-block-group-is-layout-constrained\">\n<p><strong>Elternstiftung<\/strong><\/p>\n\n\n\n<p>Am Abend des 07.04.2025 fand das diesj\u00e4hrige Fr\u00fchjahrsforum der Ehrenamtlichen statt. Im Rahmen dieser Veranstaltung nahmen wir an einer Informationsveranstaltung der Elternstiftung teil.<\/p>\n\n\n\n<p>Die Stiftung ist landesweit t\u00e4tig und hat insbesondere die Aufgaben:<\/p>\n\n\n\n<p>1. &#8220;die Elternvertretungen in ihrer T\u00e4tigkeit zu unterst\u00fctzen und dadurch die Erziehungsaufgabe sowie die Erziehungs- und Bildungspartnerschaft zwischen Eltern, Kindertageseinrichtungen und Schule unmittelbar zu f\u00f6rdern&#8221;<\/p>\n\n\n\n<p>2. &#8220;Eltern mittels Angeboten zur Information, Weiterbildung und Beratung in Tagungen und Seminaren sowie \u00fcber Publikationen zu st\u00e4rken&#8221;<\/p>\n\n\n\n<p>3. &#8220;wissenschaftliche Forschung im Bereich der Bildung und Erziehung zu unterst\u00fctzen und zu f\u00f6rdern&#8221;<\/p>\n\n\n\n<p>F\u00fcr uns kann die Elternstiftung besonders hilfreich sein \u2013 etwa durch ihre Informationsflyer zu Kita, Schule und Berufsorientierung, die man nach meinem Wissen kostenfrei per E-Mail an info@elternstiftung.de bestellen kann.<\/p>\n\n\n\n<p>Ein weiterer Aspekt, in dem die Elternstiftung unterst\u00fctzt, ist der Einsatz von Dolmetscher*innen f\u00fcr Elternabende und Elterngespr\u00e4che \u2013 insbesondere f\u00fcr Familien mit schulpflichtigen Kindern. Auch Informationsabende zum deutschen (bzw. baden-w\u00fcrttembergischen) Schulsystem k\u00f6nnen \u00fcber die Stiftung angefragt werden.<\/p>\n\n\n\n<p>Besonders interessant ist zudem das Engagement der Elternstiftung im Bereich Bildung f\u00fcr Roma.<\/p>\n\n\n\n<div data-wp-interactive=\"core\/file\" class=\"wp-block-file\"><object data-wp-bind--hidden=\"!state.hasPdfPreview\" hidden class=\"wp-block-file__embed\" data=\"https:\/\/freundeskreis-asyl-korb.de\/wp-content\/uploads\/2025\/06\/25-04-07_Leutenbach_Forum_Ehrenamt.pdf\" type=\"application\/pdf\" style=\"width:100%;height:600px\" aria-label=\"Einbettung von 25-04-07_Leutenbach_Forum_Ehrenamt.\"><\/object><a id=\"wp-block-file--media-e7f22034-4a66-4f7d-9fef-4c6bc56fee70\" href=\"https:\/\/freundeskreis-asyl-korb.de\/wp-content\/uploads\/2025\/06\/25-04-07_Leutenbach_Forum_Ehrenamt.pdf\">25-04-07_Leutenbach_Forum_Ehrenamt<\/a><a href=\"https:\/\/freundeskreis-asyl-korb.de\/wp-content\/uploads\/2025\/06\/25-04-07_Leutenbach_Forum_Ehrenamt.pdf\" class=\"wp-block-file__button wp-element-button\" download aria-describedby=\"wp-block-file--media-e7f22034-4a66-4f7d-9fef-4c6bc56fee70\">Herunterladen<\/a><\/div>\n\n\n\n<p class=\"has-extra-small-font-size\">Richard Hofmann hat seine Eindr\u00fccke f\u00fcr uns aufgeschrieben.<\/p>\n<\/div><\/div>\n","protected":false},"excerpt":{"rendered":"<p>Ziel dieser S\u00e4ule soll sein, Menschen bei allt\u00e4glichen Themen zu unterst\u00fctzen. Hausaufgabenbetreuung, ein Besuch beim Arzt oder ein Termin in der Schule, die Suche nach einem Ausbildungsplatz oder einer Wohnung, \u2026 Alle aktiven Vereinsmitglieder versuchen, diese Themen zus\u00e4tzlich zu den sonstigen Aufgaben abzudecken, soweit es m\u00f6glich ist. Der Bedarf ist jedoch gro\u00df, deshalb w\u00fcrden wir&hellip; <a class=\"more-link\" href=\"https:\/\/freundeskreis-asyl-korb.de\/?page_id=473\"><span class=\"screen-reader-text\">Alltag<\/span> weiterlesen<\/a><\/p>\n","protected":false},"author":2,"featured_media":0,"parent":0,"menu_order":0,"comment_status":"closed","ping_status":"closed","template":"","meta":{"footnotes":""},"class_list":["post-473","page","type-page","status-publish","hentry","entry"],"_links":{"self":[{"href":"https:\/\/freundeskreis-asyl-korb.de\/index.php?rest_route=\/wp\/v2\/pages\/473","targetHints":{"allow":["GET"]}}],"collection":[{"href":"https:\/\/freundeskreis-asyl-korb.de\/index.php?rest_route=\/wp\/v2\/pages"}],"about":[{"href":"https:\/\/freundeskreis-asyl-korb.de\/index.php?rest_route=\/wp\/v2\/types\/page"}],"author":[{"embeddable":true,"href":"https:\/\/freundeskreis-asyl-korb.de\/index.php?rest_route=\/wp\/v2\/users\/2"}],"replies":[{"embeddable":true,"href":"https:\/\/freundeskreis-asyl-korb.de\/index.php?rest_route=%2Fwp%2Fv2%2Fcomments&post=473"}],"version-history":[{"count":26,"href":"https:\/\/freundeskreis-asyl-korb.de\/index.php?rest_route=\/wp\/v2\/pages\/473\/revisions"}],"predecessor-version":[{"id":1396,"href":"https:\/\/freundeskreis-asyl-korb.de\/index.php?rest_route=\/wp\/v2\/pages\/473\/revisions\/1396"}],"wp:attachment":[{"href":"https:\/\/freundeskreis-asyl-korb.de\/index.php?rest_route=%2Fwp%2Fv2%2Fmedia&parent=473"}],"curies":[{"name":"wp","href":"https:\/\/api.w.org\/{rel}","templated":true}]}}