{"id":547,"date":"2025-06-08T23:58:00","date_gmt":"2025-06-08T21:58:00","guid":{"rendered":"https:\/\/freundeskreis-asyl-korb.de\/?page_id=547"},"modified":"2026-03-16T20:44:47","modified_gmt":"2026-03-16T19:44:47","slug":"aktuelles","status":"publish","type":"page","link":"https:\/\/freundeskreis-asyl-korb.de\/?page_id=547","title":{"rendered":"Aktuelles"},"content":{"rendered":"\n<p><\/p>\n\n\n\n<div class=\"wp-block-group has-background\" style=\"background-color:#87993830\"><div class=\"wp-block-group__inner-container is-layout-constrained wp-block-group-is-layout-constrained\">\n<p><strong>Herzlich willkommen auf unserer neuen Website<\/strong><\/p>\n\n\n\n<p>Wir freuen uns, dass jetzt wir mit unserer Website live gehen k\u00f6nnen. Wir m\u00f6chten diesen Platz nutzen, um \u00fcber Aktuelles aus unserem Verein, unserer Arbeit oder auch sonstige in diesem Zusammenhang stehende Themen zu informieren.<\/p>\n\n\n\n<p>Gerne nehmen wir dazu Ihre \/ eure W\u00fcnsche, Anregungen und Ideen entgegen! <\/p>\n<\/div><\/div>\n\n\n\n<div class=\"wp-block-group has-background\" style=\"background-color:#87993830\"><div class=\"wp-block-group__inner-container is-layout-constrained wp-block-group-is-layout-constrained\">\n<p><strong>Sie suchen Auszubildende oder Mitarbeiter? <\/strong><\/p>\n\n\n\n<p>Vielleicht ist bei den Gefl\u00fcchteten ihr neuer Mitarbeiter dabei. Gerne unterst\u00fctzen wir bei der Kontaktaufnahme. Schauen Sie doch auch mal auf unsere Seite <a href=\"https:\/\/freundeskreis-asyl-korb.de\/?page_id=846\" data-type=\"page\" data-id=\"846\">Wir suchen \u2026<\/a> \ud83d\ude0a<\/p>\n<\/div><\/div>\n\n\n\n<div class=\"wp-block-group has-purple-background-color has-background\"><div class=\"wp-block-group__inner-container is-layout-constrained wp-block-group-is-layout-constrained\">\n<h4 class=\"wp-block-heading has-text-align-center\">Sie erreichen uns:<\/h4>\n\n\n\n<p class=\"has-text-align-center has-normal-font-size\">freundeskreis-asyl-korb@web.de<\/p>\n<\/div><\/div>\n\n\n\n<p>Eine Information von Frau Beckhoff von der Caritas: <\/p>\n\n\n\n<p>&#8230; die Caritas bietet f\u00fcr Firmen im Rems-Murr-Kreis einen\u00a0<strong>Social Day zum Thema Flucht und Asyl<\/strong>\u00a0an. Ziel des Projekts ist es, Firmenmitarbeiter*innen durch positive Begegnungen und gemeinsame T\u00e4tigkeiten mit Gefl\u00fcchteten ein realistisches Bild von deren Begleitung zu vermitteln. Wir suchen nach kooperierenden Firmen und w\u00fcrden uns freuen, wenn Sie\u00a0Firmen kennen und uns bei der Kontaktaufnahme unterst\u00fctzen. Einfach auf diese Mail antworten, wenn Sie passende Firmen oder Ansprechpartner wie z.B. (ehemalige) Kolleg*innen kennen und uns weiterhelfen k\u00f6nnen. beckhoff.j@caritas-dicvrs.de<\/p>\n\n\n\n<p>Der Welcome Service Region Stuttgart (WSRS) der Wirtschaftsf\u00f6rderung Region Stuttgart GmbH bietet regelm\u00e4\u00dfig eine Sprechstunde in G\u00f6ppingen an. Das kostenlose Angebot richtet sich an internationale Fachkr\u00e4fte, ihre Familienangeh\u00f6rigen sowie Studierende, die im Rems-Murr-Kreis leben und arbeiten m\u00f6chten oder k\u00fcrzlich in den Landkreis gezogen sind und Unterst\u00fctzung ben\u00f6tigen.<\/p>\n\n\n\n<div class=\"wp-block-group\"><div class=\"wp-block-group__inner-container is-layout-constrained wp-block-group-is-layout-constrained\">\n<div data-wp-interactive=\"core\/file\" class=\"wp-block-file\"><object data-wp-bind--hidden=\"!state.hasPdfPreview\" hidden class=\"wp-block-file__embed\" data=\"https:\/\/freundeskreis-asyl-korb.de\/wp-content\/uploads\/2026\/02\/Flyer_WSRS_Regionale-Sprechstunde_Rems-Murr_2026.pdf\" type=\"application\/pdf\" style=\"width:100%;height:600px\" aria-label=\"Einbettung von Flyer_WSRS_Regionale-Sprechstunde_Rems-Murr_2026.\"><\/object><a id=\"wp-block-file--media-15b2a5bc-860e-428b-84ab-89cd1188d5b7\" href=\"https:\/\/freundeskreis-asyl-korb.de\/wp-content\/uploads\/2026\/02\/Flyer_WSRS_Regionale-Sprechstunde_Rems-Murr_2026.pdf\">Flyer_WSRS_Regionale-Sprechstunde_Rems-Murr_2026<\/a><a href=\"https:\/\/freundeskreis-asyl-korb.de\/wp-content\/uploads\/2026\/02\/Flyer_WSRS_Regionale-Sprechstunde_Rems-Murr_2026.pdf\" class=\"wp-block-file__button wp-element-button\" download aria-describedby=\"wp-block-file--media-15b2a5bc-860e-428b-84ab-89cd1188d5b7\">Herunterladen<\/a><\/div>\n<\/div><\/div>\n\n\n\n<div class=\"wp-block-group\"><div class=\"wp-block-group__inner-container is-layout-constrained wp-block-group-is-layout-constrained\"><\/div><\/div>\n\n\n\n<div class=\"wp-block-group is-style-twentytwentyone-border\"><div class=\"wp-block-group__inner-container is-layout-constrained wp-block-group-is-layout-constrained\">\n<div data-wp-interactive=\"core\/file\" class=\"wp-block-file\"><object data-wp-bind--hidden=\"!state.hasPdfPreview\" hidden class=\"wp-block-file__embed\" data=\"https:\/\/freundeskreis-asyl-korb.de\/wp-content\/uploads\/2025\/10\/Sportcoach.pdf\" type=\"application\/pdf\" style=\"width:100%;height:600px\" aria-label=\"Einbettung von Sportcoach.\"><\/object><a id=\"wp-block-file--media-514e9f84-7a05-4bad-a055-395d9963e6d8\" href=\"https:\/\/freundeskreis-asyl-korb.de\/wp-content\/uploads\/2025\/10\/Sportcoach.pdf\">Sportcoach<\/a><a href=\"https:\/\/freundeskreis-asyl-korb.de\/wp-content\/uploads\/2025\/10\/Sportcoach.pdf\" class=\"wp-block-file__button wp-element-button\" download aria-describedby=\"wp-block-file--media-514e9f84-7a05-4bad-a055-395d9963e6d8\">Herunterladen<\/a><\/div>\n<\/div><\/div>\n\n\n\n<div data-wp-interactive=\"core\/file\" class=\"wp-block-file\"><object data-wp-bind--hidden=\"!state.hasPdfPreview\" hidden class=\"wp-block-file__embed\" data=\"https:\/\/freundeskreis-asyl-korb.de\/wp-content\/uploads\/2025\/10\/Interkulturelle-Elternmetoren_Rems_Murr_Kreis.pdf\" type=\"application\/pdf\" style=\"width:100%;height:600px\" aria-label=\"Einbettung von Interkulturelle Elternmetoren_Rems_Murr_Kreis.\"><\/object><a id=\"wp-block-file--media-aeed6f47-5d6b-40c2-951d-dea0a672bf3a\" href=\"https:\/\/freundeskreis-asyl-korb.de\/wp-content\/uploads\/2025\/10\/Interkulturelle-Elternmetoren_Rems_Murr_Kreis.pdf\">Interkulturelle Elternmetoren_Rems_Murr_Kreis<\/a><a href=\"https:\/\/freundeskreis-asyl-korb.de\/wp-content\/uploads\/2025\/10\/Interkulturelle-Elternmetoren_Rems_Murr_Kreis.pdf\" class=\"wp-block-file__button wp-element-button\" download aria-describedby=\"wp-block-file--media-aeed6f47-5d6b-40c2-951d-dea0a672bf3a\">Herunterladen<\/a><\/div>\n\n\n\n<div data-wp-interactive=\"core\/file\" class=\"wp-block-file\"><object data-wp-bind--hidden=\"!state.hasPdfPreview\" hidden class=\"wp-block-file__embed\" data=\"https:\/\/freundeskreis-asyl-korb.de\/wp-content\/uploads\/2025\/07\/Riesenerfolg-Sammelaktion-fuer-die-Ukraine.pdf\" type=\"application\/pdf\" style=\"width:100%;height:600px\" aria-label=\"Einbettung von Riesenerfolg-Sammelaktion f\u00fcr die Ukraine.\"><\/object><a id=\"wp-block-file--media-2f354585-e311-414e-9642-1d13265c138c\" href=\"https:\/\/freundeskreis-asyl-korb.de\/wp-content\/uploads\/2025\/07\/Riesenerfolg-Sammelaktion-fuer-die-Ukraine.pdf\">Riesenerfolg-Sammelaktion f\u00fcr die Ukraine<\/a><a href=\"https:\/\/freundeskreis-asyl-korb.de\/wp-content\/uploads\/2025\/07\/Riesenerfolg-Sammelaktion-fuer-die-Ukraine.pdf\" class=\"wp-block-file__button wp-element-button\" download aria-describedby=\"wp-block-file--media-2f354585-e311-414e-9642-1d13265c138c\">Herunterladen<\/a><\/div>\n\n\n\n<div class=\"wp-block-group has-background\" style=\"background-color:#ffffff\"><div class=\"wp-block-group__inner-container is-layout-constrained wp-block-group-is-layout-constrained\">\n<div class=\"wp-block-group\"><div class=\"wp-block-group__inner-container is-layout-constrained wp-block-group-is-layout-constrained\">\n<div class=\"wp-block-group\"><div class=\"wp-block-group__inner-container is-layout-constrained wp-block-group-is-layout-constrained\">\n<div class=\"wp-block-group\"><div class=\"wp-block-group__inner-container is-layout-constrained wp-block-group-is-layout-constrained\">\n<div class=\"wp-block-group\"><div class=\"wp-block-group__inner-container is-layout-constrained wp-block-group-is-layout-constrained\">\n<div class=\"wp-block-group has-background\" style=\"background-color:#ffffff\"><div class=\"wp-block-group__inner-container is-layout-constrained wp-block-group-is-layout-constrained\">\n<div class=\"wp-block-group has-orange-background-color has-background\"><div class=\"wp-block-group__inner-container is-layout-constrained wp-block-group-is-layout-constrained\">\n<div class=\"wp-block-group\"><div class=\"wp-block-group__inner-container is-layout-constrained wp-block-group-is-layout-constrained\">\n<p><strong>Bezahlkarte \/ Social Card<\/strong><\/p>\n\n\n\n<p>Die Bezahlkarte erhalten alle vollj\u00e4hrigen Personen die Leistungen nach dem Asylbewerberleistungsgesetz erhalten. Das beinhaltet Personen die sich noch im laufenden Asylverfahren befinden und Personen \u00fcber deren Bleiberecht negativ entschieden wurde.<br>Minderj\u00e4hrige Personen oder jene die einer Erwerbst\u00e4tigkeit nachgehen erhalten keine Bezahlkarte.<\/p>\n\n\n\n<p>Menschen aus der Ukraine erhalten ebenfalls keine Bezahlkarte. Dies hat den Hintergrund, dass diese Personen nur \u00fcbergangswei\u00dfe \u2013 sprich nur f\u00fcr einen kurzen Zeitraum \u2013 Leistungen nach dem Asylbewerberleistungsgesetz erhalten. Nach Pr\u00fcfung durch die Ausl\u00e4nderbeh\u00f6rde geht die Zust\u00e4ndigkeit auf das Jobcenter \u00fcber.<\/p>\n\n\n\n<p><strong>Die Karte wurde Ende April in Korb ausgegeben.<\/strong><\/p>\n<\/div><\/div>\n<\/div><\/div>\n\n\n\n<p><\/p>\n<\/div><\/div>\n<\/div><\/div>\n<\/div><\/div>\n<\/div><\/div>\n<\/div><\/div>\n<\/div><\/div>\n\n\n\n<p><\/p>\n\n\n","protected":false},"excerpt":{"rendered":"<p>Herzlich willkommen auf unserer neuen Website Wir freuen uns, dass jetzt wir mit unserer Website live gehen k\u00f6nnen. Wir m\u00f6chten diesen Platz nutzen, um \u00fcber Aktuelles aus unserem Verein, unserer Arbeit oder auch sonstige in diesem Zusammenhang stehende Themen zu informieren. Gerne nehmen wir dazu Ihre \/ eure W\u00fcnsche, Anregungen und Ideen entgegen! Sie suchen&hellip; <a class=\"more-link\" href=\"https:\/\/freundeskreis-asyl-korb.de\/?page_id=547\"><span class=\"screen-reader-text\">Aktuelles<\/span> weiterlesen<\/a><\/p>\n","protected":false},"author":2,"featured_media":0,"parent":0,"menu_order":0,"comment_status":"closed","ping_status":"closed","template":"","meta":{"footnotes":""},"class_list":["post-547","page","type-page","status-publish","hentry","entry"],"_links":{"self":[{"href":"https:\/\/freundeskreis-asyl-korb.de\/index.php?rest_route=\/wp\/v2\/pages\/547","targetHints":{"allow":["GET"]}}],"collection":[{"href":"https:\/\/freundeskreis-asyl-korb.de\/index.php?rest_route=\/wp\/v2\/pages"}],"about":[{"href":"https:\/\/freundeskreis-asyl-korb.de\/index.php?rest_route=\/wp\/v2\/types\/page"}],"author":[{"embeddable":true,"href":"https:\/\/freundeskreis-asyl-korb.de\/index.php?rest_route=\/wp\/v2\/users\/2"}],"replies":[{"embeddable":true,"href":"https:\/\/freundeskreis-asyl-korb.de\/index.php?rest_route=%2Fwp%2Fv2%2Fcomments&post=547"}],"version-history":[{"count":23,"href":"https:\/\/freundeskreis-asyl-korb.de\/index.php?rest_route=\/wp\/v2\/pages\/547\/revisions"}],"predecessor-version":[{"id":1384,"href":"https:\/\/freundeskreis-asyl-korb.de\/index.php?rest_route=\/wp\/v2\/pages\/547\/revisions\/1384"}],"wp:attachment":[{"href":"https:\/\/freundeskreis-asyl-korb.de\/index.php?rest_route=%2Fwp%2Fv2%2Fmedia&parent=547"}],"curies":[{"name":"wp","href":"https:\/\/api.w.org\/{rel}","templated":true}]}}

<p></p>



<div class="wp-block-group has-background" style="background-color:#87993830"><div class="wp-block-group__inner-container is-layout-constrained wp-block-group-is-layout-constrained">
<p><strong>Herzlich willkommen auf unserer neuen Website</strong></p>



<p>Wir freuen uns, dass jetzt wir mit unserer Website live gehen können. Wir möchten diesen Platz nutzen, um über Aktuelles aus unserem Verein, unserer Arbeit oder auch sonstige in diesem Zusammenhang stehende Themen zu informieren.</p>



<p>Gerne nehmen wir dazu Ihre / eure Wünsche, Anregungen und Ideen entgegen! </p>
</div></div>



<div class="wp-block-group has-background" style="background-color:#87993830"><div class="wp-block-group__inner-container is-layout-constrained wp-block-group-is-layout-constrained">
<p><strong>Sie suchen Auszubildende oder Mitarbeiter? </strong></p>



<p>Vielleicht ist bei den Geflüchteten ihr neuer Mitarbeiter dabei. Gerne unterstützen wir bei der Kontaktaufnahme. Schauen Sie doch auch mal auf unsere Seite <a href="https://freundeskreis-asyl-korb.de/?page_id=846" data-type="page" data-id="846">Wir suchen …</a> 😊</p>
</div></div>



<div class="wp-block-group has-purple-background-color has-background"><div class="wp-block-group__inner-container is-layout-constrained wp-block-group-is-layout-constrained">
<h4 class="wp-block-heading has-text-align-center">Sie erreichen uns:</h4>



<p class="has-text-align-center has-normal-font-size">freundeskreis-asyl-korb@web.de</p>
</div></div>



<p>Eine Information von Frau Beckhoff von der Caritas: </p>



<p>&#8230; die Caritas bietet für Firmen im Rems-Murr-Kreis einen <strong>Social Day zum Thema Flucht und Asyl</strong> an. Ziel des Projekts ist es, Firmenmitarbeiter*innen durch positive Begegnungen und gemeinsame Tätigkeiten mit Geflüchteten ein realistisches Bild von deren Begleitung zu vermitteln. Wir suchen nach kooperierenden Firmen und würden uns freuen, wenn Sie Firmen kennen und uns bei der Kontaktaufnahme unterstützen. Einfach auf diese Mail antworten, wenn Sie passende Firmen oder Ansprechpartner wie z.B. (ehemalige) Kolleg*innen kennen und uns weiterhelfen können. beckhoff.j@caritas-dicvrs.de</p>



<p>Der Welcome Service Region Stuttgart (WSRS) der Wirtschaftsförderung Region Stuttgart GmbH bietet regelmäßig eine Sprechstunde in Göppingen an. Das kostenlose Angebot richtet sich an internationale Fachkräfte, ihre Familienangehörigen sowie Studierende, die im Rems-Murr-Kreis leben und arbeiten möchten oder kürzlich in den Landkreis gezogen sind und Unterstützung benötigen.</p>



<div class="wp-block-group"><div class="wp-block-group__inner-container is-layout-constrained wp-block-group-is-layout-constrained">
<div data-wp-interactive="core/file" class="wp-block-file"><object data-wp-bind--hidden="!state.hasPdfPreview" hidden class="wp-block-file__embed" data="https://freundeskreis-asyl-korb.de/wp-content/uploads/2026/02/Flyer_WSRS_Regionale-Sprechstunde_Rems-Murr_2026.pdf" type="application/pdf" style="width:100%;height:600px" aria-label="Einbettung von Flyer_WSRS_Regionale-Sprechstunde_Rems-Murr_2026."></object><a id="wp-block-file--media-15b2a5bc-860e-428b-84ab-89cd1188d5b7" href="https://freundeskreis-asyl-korb.de/wp-content/uploads/2026/02/Flyer_WSRS_Regionale-Sprechstunde_Rems-Murr_2026.pdf">Flyer_WSRS_Regionale-Sprechstunde_Rems-Murr_2026</a><a href="https://freundeskreis-asyl-korb.de/wp-content/uploads/2026/02/Flyer_WSRS_Regionale-Sprechstunde_Rems-Murr_2026.pdf" class="wp-block-file__button wp-element-button" download aria-describedby="wp-block-file--media-15b2a5bc-860e-428b-84ab-89cd1188d5b7">Herunterladen</a></div>
</div></div>



<div class="wp-block-group"><div class="wp-block-group__inner-container is-layout-constrained wp-block-group-is-layout-constrained"></div></div>



<div class="wp-block-group is-style-twentytwentyone-border"><div class="wp-block-group__inner-container is-layout-constrained wp-block-group-is-layout-constrained">
<div data-wp-interactive="core/file" class="wp-block-file"><object data-wp-bind--hidden="!state.hasPdfPreview" hidden class="wp-block-file__embed" data="https://freundeskreis-asyl-korb.de/wp-content/uploads/2025/10/Sportcoach.pdf" type="application/pdf" style="width:100%;height:600px" aria-label="Einbettung von Sportcoach."></object><a id="wp-block-file--media-514e9f84-7a05-4bad-a055-395d9963e6d8" href="https://freundeskreis-asyl-korb.de/wp-content/uploads/2025/10/Sportcoach.pdf">Sportcoach</a><a href="https://freundeskreis-asyl-korb.de/wp-content/uploads/2025/10/Sportcoach.pdf" class="wp-block-file__button wp-element-button" download aria-describedby="wp-block-file--media-514e9f84-7a05-4bad-a055-395d9963e6d8">Herunterladen</a></div>
</div></div>



<div data-wp-interactive="core/file" class="wp-block-file"><object data-wp-bind--hidden="!state.hasPdfPreview" hidden class="wp-block-file__embed" data="https://freundeskreis-asyl-korb.de/wp-content/uploads/2025/10/Interkulturelle-Elternmetoren_Rems_Murr_Kreis.pdf" type="application/pdf" style="width:100%;height:600px" aria-label="Einbettung von Interkulturelle Elternmetoren_Rems_Murr_Kreis."></object><a id="wp-block-file--media-aeed6f47-5d6b-40c2-951d-dea0a672bf3a" href="https://freundeskreis-asyl-korb.de/wp-content/uploads/2025/10/Interkulturelle-Elternmetoren_Rems_Murr_Kreis.pdf">Interkulturelle Elternmetoren_Rems_Murr_Kreis</a><a href="https://freundeskreis-asyl-korb.de/wp-content/uploads/2025/10/Interkulturelle-Elternmetoren_Rems_Murr_Kreis.pdf" class="wp-block-file__button wp-element-button" download aria-describedby="wp-block-file--media-aeed6f47-5d6b-40c2-951d-dea0a672bf3a">Herunterladen</a></div>



<div data-wp-interactive="core/file" class="wp-block-file"><object data-wp-bind--hidden="!state.hasPdfPreview" hidden class="wp-block-file__embed" data="https://freundeskreis-asyl-korb.de/wp-content/uploads/2025/07/Riesenerfolg-Sammelaktion-fuer-die-Ukraine.pdf" type="application/pdf" style="width:100%;height:600px" aria-label="Einbettung von Riesenerfolg-Sammelaktion für die Ukraine."></object><a id="wp-block-file--media-2f354585-e311-414e-9642-1d13265c138c" href="https://freundeskreis-asyl-korb.de/wp-content/uploads/2025/07/Riesenerfolg-Sammelaktion-fuer-die-Ukraine.pdf">Riesenerfolg-Sammelaktion für die Ukraine</a><a href="https://freundeskreis-asyl-korb.de/wp-content/uploads/2025/07/Riesenerfolg-Sammelaktion-fuer-die-Ukraine.pdf" class="wp-block-file__button wp-element-button" download aria-describedby="wp-block-file--media-2f354585-e311-414e-9642-1d13265c138c">Herunterladen</a></div>



<div class="wp-block-group has-background" style="background-color:#ffffff"><div class="wp-block-group__inner-container is-layout-constrained wp-block-group-is-layout-constrained">
<div class="wp-block-group"><div class="wp-block-group__inner-container is-layout-constrained wp-block-group-is-layout-constrained">
<div class="wp-block-group"><div class="wp-block-group__inner-container is-layout-constrained wp-block-group-is-layout-constrained">
<div class="wp-block-group"><div class="wp-block-group__inner-container is-layout-constrained wp-block-group-is-layout-constrained">
<div class="wp-block-group"><div class="wp-block-group__inner-container is-layout-constrained wp-block-group-is-layout-constrained">
<div class="wp-block-group has-background" style="background-color:#ffffff"><div class="wp-block-group__inner-container is-layout-constrained wp-block-group-is-layout-constrained">
<div class="wp-block-group has-orange-background-color has-background"><div class="wp-block-group__inner-container is-layout-constrained wp-block-group-is-layout-constrained">
<div class="wp-block-group"><div class="wp-block-group__inner-container is-layout-constrained wp-block-group-is-layout-constrained">
<p><strong>Bezahlkarte / Social Card</strong></p>



<p>Die Bezahlkarte erhalten alle volljährigen Personen die Leistungen nach dem Asylbewerberleistungsgesetz erhalten. Das beinhaltet Personen die sich noch im laufenden Asylverfahren befinden und Personen über deren Bleiberecht negativ entschieden wurde.<br>Minderjährige Personen oder jene die einer Erwerbstätigkeit nachgehen erhalten keine Bezahlkarte.</p>



<p>Menschen aus der Ukraine erhalten ebenfalls keine Bezahlkarte. Dies hat den Hintergrund, dass diese Personen nur übergangsweiße – sprich nur für einen kurzen Zeitraum – Leistungen nach dem Asylbewerberleistungsgesetz erhalten. Nach Prüfung durch die Ausländerbehörde geht die Zuständigkeit auf das Jobcenter über.</p>



<p><strong>Die Karte wurde Ende April in Korb ausgegeben.</strong></p>
</div></div>
</div></div>



<p></p>
</div></div>
</div></div>
</div></div>
</div></div>
</div></div>
</div></div>



<p></p>

<p>Herzlich willkommen auf unserer neuen Website Wir freuen uns, dass jetzt wir mit unserer Website live gehen können. Wir möchten diesen Platz nutzen, um über Aktuelles aus unserem Verein, unserer Arbeit oder auch sonstige in diesem Zusammenhang stehende Themen zu informieren. Gerne nehmen wir dazu Ihre / eure Wünsche, Anregungen und Ideen entgegen! Sie suchen&hellip; <a class="more-link" href="https://freundeskreis-asyl-korb.de/?page_id=547"><span class="screen-reader-text">Aktuelles</span> weiterlesen</a></p>
