{"id":846,"date":"2025-07-08T00:20:11","date_gmt":"2025-07-07T22:20:11","guid":{"rendered":"https:\/\/freundeskreis-asyl-korb.de\/?page_id=846"},"modified":"2026-03-06T17:31:27","modified_gmt":"2026-03-06T16:31:27","slug":"gestatten","status":"publish","type":"page","link":"https:\/\/freundeskreis-asyl-korb.de\/?page_id=846","title":{"rendered":"Wir suchen &#8230;"},"content":{"rendered":"\n\n\n<div class=\"wp-block-group has-background\" style=\"background-color:#d9e3d1\"><div class=\"wp-block-group__inner-container is-layout-constrained wp-block-group-is-layout-constrained\">\n<figure class=\"wp-block-gallery has-nested-images columns-default is-cropped wp-block-gallery-2 is-layout-flex wp-block-gallery-is-layout-flex\">\n<figure class=\"wp-block-image size-large\"><img loading=\"lazy\" decoding=\"async\" width=\"768\" height=\"1024\" data-id=\"845\" src=\"https:\/\/freundeskreis-asyl-korb.de\/wp-content\/uploads\/2025\/07\/Sina7-768x1024.jpg\" alt=\"\" class=\"wp-image-845\" srcset=\"https:\/\/freundeskreis-asyl-korb.de\/wp-content\/uploads\/2025\/07\/Sina7-768x1024.jpg 768w, https:\/\/freundeskreis-asyl-korb.de\/wp-content\/uploads\/2025\/07\/Sina7-225x300.jpg 225w, https:\/\/freundeskreis-asyl-korb.de\/wp-content\/uploads\/2025\/07\/Sina7-1152x1536.jpg 1152w, https:\/\/freundeskreis-asyl-korb.de\/wp-content\/uploads\/2025\/07\/Sina7.jpg 1200w\" sizes=\"auto, (max-width: 768px) 100vw, 768px\" \/><figcaption class=\"wp-element-caption\">Schmetterlinge<\/figcaption><\/figure>\n\n\n\n<figure class=\"wp-block-image size-large\"><img loading=\"lazy\" decoding=\"async\" width=\"768\" height=\"1024\" data-id=\"844\" src=\"https:\/\/freundeskreis-asyl-korb.de\/wp-content\/uploads\/2025\/07\/Sina6-768x1024.jpg\" alt=\"\" class=\"wp-image-844\" srcset=\"https:\/\/freundeskreis-asyl-korb.de\/wp-content\/uploads\/2025\/07\/Sina6-768x1024.jpg 768w, https:\/\/freundeskreis-asyl-korb.de\/wp-content\/uploads\/2025\/07\/Sina6-225x300.jpg 225w, https:\/\/freundeskreis-asyl-korb.de\/wp-content\/uploads\/2025\/07\/Sina6-1152x1536.jpg 1152w, https:\/\/freundeskreis-asyl-korb.de\/wp-content\/uploads\/2025\/07\/Sina6.jpg 1200w\" sizes=\"auto, (max-width: 768px) 100vw, 768px\" \/><figcaption class=\"wp-element-caption\">Fu\u00dfball<\/figcaption><\/figure>\n\n\n\n<figure class=\"wp-block-image size-large\"><img loading=\"lazy\" decoding=\"async\" width=\"819\" height=\"1024\" data-id=\"843\" src=\"https:\/\/freundeskreis-asyl-korb.de\/wp-content\/uploads\/2025\/07\/Sina3-819x1024.jpg\" alt=\"\" class=\"wp-image-843\" srcset=\"https:\/\/freundeskreis-asyl-korb.de\/wp-content\/uploads\/2025\/07\/Sina3-819x1024.jpg 819w, https:\/\/freundeskreis-asyl-korb.de\/wp-content\/uploads\/2025\/07\/Sina3-240x300.jpg 240w, https:\/\/freundeskreis-asyl-korb.de\/wp-content\/uploads\/2025\/07\/Sina3-768x960.jpg 768w, https:\/\/freundeskreis-asyl-korb.de\/wp-content\/uploads\/2025\/07\/Sina3.jpg 1080w\" sizes=\"auto, (max-width: 819px) 100vw, 819px\" \/><figcaption class=\"wp-element-caption\">klein aber fein<\/figcaption><\/figure>\n<\/figure>\n\n\n\n<p>S. ist ein junger Mann aus dem Iran, der gerne wieder als Konditor arbeiten w\u00fcrde. Solche tollen Torten bekommt er sogar unter den einfachen Verh\u00e4ltnissen im Camp  (Gemeinschaftsunterkunft) hin. Wer gibt ihm eine Chance, sein K\u00f6nnen zu zeigen?<\/p>\n\n\n\n<p>Gerne stellen wir den Kontakt her!<\/p>\n<\/div><\/div>\n\n\n\n<div class=\"wp-block-group has-purple-background-color has-background\"><div class=\"wp-block-group__inner-container is-layout-constrained wp-block-group-is-layout-constrained\">\n<h4 class=\"wp-block-heading has-text-align-center\">Sie erreichen uns:<\/h4>\n\n\n\n<p class=\"has-text-align-center has-normal-font-size\">freundeskreis-asyl-korb@web.de<\/p>\n\n\n\n<p class=\"has-small-font-size\">Kontakt: Kornelia Schierwath<\/p>\n<\/div><\/div>\n\n\n\n<div class=\"wp-block-group has-background\" style=\"background-color:#d1dee3\"><div class=\"wp-block-group__inner-container is-layout-constrained wp-block-group-is-layout-constrained\">\n<figure class=\"wp-block-image size-full\"><img loading=\"lazy\" decoding=\"async\" width=\"1200\" height=\"1599\" src=\"https:\/\/freundeskreis-asyl-korb.de\/wp-content\/uploads\/2025\/08\/Lesja.jpg\" alt=\"\" class=\"wp-image-1052\" srcset=\"https:\/\/freundeskreis-asyl-korb.de\/wp-content\/uploads\/2025\/08\/Lesja.jpg 1200w, https:\/\/freundeskreis-asyl-korb.de\/wp-content\/uploads\/2025\/08\/Lesja-225x300.jpg 225w, https:\/\/freundeskreis-asyl-korb.de\/wp-content\/uploads\/2025\/08\/Lesja-768x1023.jpg 768w, https:\/\/freundeskreis-asyl-korb.de\/wp-content\/uploads\/2025\/08\/Lesja-1153x1536.jpg 1153w\" sizes=\"auto, (max-width: 1200px) 100vw, 1200px\" \/><\/figure>\n\n\n\n<p>Sehr geehrte Damen und Herren,<br>Guten Tag!<\/p>\n\n\n\n<p>mein Name ist Lesja, ich bin 42 Jahre alt und lebe zusammen mit meinem 10 Monate alten Sohn.<br>Wir leben seit eineinhalb Jahren in Deutschland und kommen aus der Ukraine. Ich plane, langfristig hier zu bleiben, ein stabiles Leben aufzubauen und meinem Kind eine sichere und zuverl\u00e4ssige Zukunft zu erm\u00f6glichen.<\/p>\n\n\n\n<p>Derzeit wohnen wir in einem Container f\u00fcr Gefl\u00fcchtete, was f\u00fcr eine Familie mit einem kleinen Kind leider sehr unpraktisch ist. Es ist mir besonders wichtig, dass mein Sohn in einer ruhigen, sauberen und warmen Umgebung aufw\u00e4chst, in der er sich entwickeln und sicher f\u00fchlen kann.<\/p>\n\n\n\n<p>Wir sind ruhige, ordentliche und verantwortungsbewusste Mieter. Ich achte stets auf Sauberkeit und Ordnung und gehe sorgf\u00e4ltig mit dem Eigentum um.<\/p>\n\n\n\n<p>Die Miete wird vollst\u00e4ndig und p\u00fcnktlich vom Jobcenter \u00fcbernommen, was Ihnen eine stabile und zuverl\u00e4ssige Zahlung garantiert.<\/p>\n\n\n\n<p>F\u00fcr mich ist diese Wohnung nicht nur ein Zuhause, sondern eine Chance, meinem Sohn w\u00fcrdige Lebensbedingungen und eine unbeschwerte Kindheit zu bieten.<\/p>\n\n\n\n<p>Ich freue mich sehr \u00fcber Ihre R\u00fcckmeldung und hoffe, dass wir uns bald zu einer Besichtigung treffen k\u00f6nnen.<\/p>\n\n\n\n<p>Mit freundlichen&nbsp;Gr\u00fc\u00dfen<br>Lesja<\/p>\n<\/div><\/div>\n\n\n\n<div class=\"wp-block-group has-background\" style=\"background-color:#d1dee3\"><div class=\"wp-block-group__inner-container is-layout-constrained wp-block-group-is-layout-constrained\">\n<figure class=\"wp-block-image size-full\"><img loading=\"lazy\" decoding=\"async\" width=\"321\" height=\"321\" src=\"https:\/\/freundeskreis-asyl-korb.de\/wp-content\/uploads\/2025\/07\/Mahmood3.jpg\" alt=\"\" class=\"wp-image-872\"\/><\/figure>\n\n\n\n<p>Mahmood ist 24 Jahre alt und kommt aus Afghanistan. Er ist jetzt seit 3 Jahre in Deutschland. <\/p>\n\n\n\n<p>Vielleicht sind Sie Mahmood ja schon in unserer Postfiliale in Korb begegnet: Er hat dort mit einer Ausbildung angefangen.<br>Leider sind die Rahmenbedingungen, um in Ruhe lernen zu k\u00f6nnen, in der Anschlussunterbringung (dem Camp) nicht immer gut, deshalb ist sein gro\u00dfer Wunsch, in eine eigene kleine Wohnung in Korb oder Umgebung ziehen zu k\u00f6nnen.<br>Mahmood ist sehr flei\u00dfig, immer freundlich und ausgesprochen hilfsbereit. So hilft er z.B. Kindern im Camp regelm\u00e4\u00dfig bei den Hausaufgaben. Auch wenn wir vom Verein ihn um Hilfe bitten, k\u00f6nnen wir uns zuverl\u00e4ssig auf seine Unterst\u00fctzung&nbsp;verlassen.<\/p>\n\n\n\n<p>Wir freuen uns, wenn Sie ein Angebot f\u00fcr ihn haben. Gerne stellen wir den Kontakt zu Mahmood her.<\/p>\n<\/div><\/div>\n\n\n\n<div class=\"wp-block-group has-background\" style=\"background-color:#d1dee3\"><div class=\"wp-block-group__inner-container is-layout-constrained wp-block-group-is-layout-constrained\">\n<p><strong>Abdalrahim<\/strong> ist zwanzig Jahre alt und kommt aus Syrien. Aktuell macht er seine Deutsch-Kurse. Sein Ziel ist es, diese mit gutem Erfolg abzuschlie\u00dfen und anschlie\u00dfend eine Ausbildung zu machen.<\/p>\n\n\n\n<p>Er ist sehr ruhig, freundlich und Nichtraucher. Er w\u00fcnscht sich sehr, in eine eigene kleine Wohnung ziehen zu k\u00f6nnen, da es in der Anschlussunterbringung (im Camp) sehr schwierig ist, die n\u00f6tige Ruhe zum Lernen zu finden.<\/p>\n\n\n\n<p>In Korb f\u00fchlt Abdalrahim sich inzwischen zuhause, deshalb w\u00e4re es sch\u00f6n, wenn er hier auch ein echtes Zuhause finden w\u00fcrde.<\/p>\n\n\n\n<p>K\u00f6nnen Sie ihm helfen? Wir stellen gerne den Kontakt her.<\/p>\n<\/div><\/div>\n\n\n\n<p><\/p>\n","protected":false},"excerpt":{"rendered":"<p>S. ist ein junger Mann aus dem Iran, der gerne wieder als Konditor arbeiten w\u00fcrde. Solche tollen Torten bekommt er sogar unter den einfachen Verh\u00e4ltnissen im Camp (Gemeinschaftsunterkunft) hin. Wer gibt ihm eine Chance, sein K\u00f6nnen zu zeigen? Gerne stellen wir den Kontakt her! Sie erreichen uns: freundeskreis-asyl-korb@web.de Kontakt: Kornelia Schierwath Sehr geehrte Damen und&hellip; <a class=\"more-link\" href=\"https:\/\/freundeskreis-asyl-korb.de\/?page_id=846\"><span class=\"screen-reader-text\">Wir suchen &#8230;<\/span> weiterlesen<\/a><\/p>\n","protected":false},"author":2,"featured_media":0,"parent":0,"menu_order":11,"comment_status":"closed","ping_status":"closed","template":"","meta":{"footnotes":""},"class_list":["post-846","page","type-page","status-publish","hentry","entry"],"_links":{"self":[{"href":"https:\/\/freundeskreis-asyl-korb.de\/index.php?rest_route=\/wp\/v2\/pages\/846","targetHints":{"allow":["GET"]}}],"collection":[{"href":"https:\/\/freundeskreis-asyl-korb.de\/index.php?rest_route=\/wp\/v2\/pages"}],"about":[{"href":"https:\/\/freundeskreis-asyl-korb.de\/index.php?rest_route=\/wp\/v2\/types\/page"}],"author":[{"embeddable":true,"href":"https:\/\/freundeskreis-asyl-korb.de\/index.php?rest_route=\/wp\/v2\/users\/2"}],"replies":[{"embeddable":true,"href":"https:\/\/freundeskreis-asyl-korb.de\/index.php?rest_route=%2Fwp%2Fv2%2Fcomments&post=846"}],"version-history":[{"count":13,"href":"https:\/\/freundeskreis-asyl-korb.de\/index.php?rest_route=\/wp\/v2\/pages\/846\/revisions"}],"predecessor-version":[{"id":1354,"href":"https:\/\/freundeskreis-asyl-korb.de\/index.php?rest_route=\/wp\/v2\/pages\/846\/revisions\/1354"}],"wp:attachment":[{"href":"https:\/\/freundeskreis-asyl-korb.de\/index.php?rest_route=%2Fwp%2Fv2%2Fmedia&parent=846"}],"curies":[{"name":"wp","href":"https:\/\/api.w.org\/{rel}","templated":true}]}}

<div class="wp-block-group has-background" style="background-color:#d9e3d1"><div class="wp-block-group__inner-container is-layout-constrained wp-block-group-is-layout-constrained">
<figure class="wp-block-gallery has-nested-images columns-default is-cropped wp-block-gallery-2 is-layout-flex wp-block-gallery-is-layout-flex">
<figure class="wp-block-image size-large"><img loading="lazy" decoding="async" width="768" height="1024" data-id="845" src="https://freundeskreis-asyl-korb.de/wp-content/uploads/2025/07/Sina7-768x1024.jpg" alt="" class="wp-image-845" srcset="https://freundeskreis-asyl-korb.de/wp-content/uploads/2025/07/Sina7-768x1024.jpg 768w, https://freundeskreis-asyl-korb.de/wp-content/uploads/2025/07/Sina7-225x300.jpg 225w, https://freundeskreis-asyl-korb.de/wp-content/uploads/2025/07/Sina7-1152x1536.jpg 1152w, https://freundeskreis-asyl-korb.de/wp-content/uploads/2025/07/Sina7.jpg 1200w" sizes="auto, (max-width: 768px) 100vw, 768px" /><figcaption class="wp-element-caption">Schmetterlinge</figcaption></figure>



<figure class="wp-block-image size-large"><img loading="lazy" decoding="async" width="768" height="1024" data-id="844" src="https://freundeskreis-asyl-korb.de/wp-content/uploads/2025/07/Sina6-768x1024.jpg" alt="" class="wp-image-844" srcset="https://freundeskreis-asyl-korb.de/wp-content/uploads/2025/07/Sina6-768x1024.jpg 768w, https://freundeskreis-asyl-korb.de/wp-content/uploads/2025/07/Sina6-225x300.jpg 225w, https://freundeskreis-asyl-korb.de/wp-content/uploads/2025/07/Sina6-1152x1536.jpg 1152w, https://freundeskreis-asyl-korb.de/wp-content/uploads/2025/07/Sina6.jpg 1200w" sizes="auto, (max-width: 768px) 100vw, 768px" /><figcaption class="wp-element-caption">Fußball</figcaption></figure>



<figure class="wp-block-image size-large"><img loading="lazy" decoding="async" width="819" height="1024" data-id="843" src="https://freundeskreis-asyl-korb.de/wp-content/uploads/2025/07/Sina3-819x1024.jpg" alt="" class="wp-image-843" srcset="https://freundeskreis-asyl-korb.de/wp-content/uploads/2025/07/Sina3-819x1024.jpg 819w, https://freundeskreis-asyl-korb.de/wp-content/uploads/2025/07/Sina3-240x300.jpg 240w, https://freundeskreis-asyl-korb.de/wp-content/uploads/2025/07/Sina3-768x960.jpg 768w, https://freundeskreis-asyl-korb.de/wp-content/uploads/2025/07/Sina3.jpg 1080w" sizes="auto, (max-width: 819px) 100vw, 819px" /><figcaption class="wp-element-caption">klein aber fein</figcaption></figure>
</figure>



<p>S. ist ein junger Mann aus dem Iran, der gerne wieder als Konditor arbeiten würde. Solche tollen Torten bekommt er sogar unter den einfachen Verhältnissen im Camp  (Gemeinschaftsunterkunft) hin. Wer gibt ihm eine Chance, sein Können zu zeigen?</p>



<p>Gerne stellen wir den Kontakt her!</p>
</div></div>



<div class="wp-block-group has-purple-background-color has-background"><div class="wp-block-group__inner-container is-layout-constrained wp-block-group-is-layout-constrained">
<h4 class="wp-block-heading has-text-align-center">Sie erreichen uns:</h4>



<p class="has-text-align-center has-normal-font-size">freundeskreis-asyl-korb@web.de</p>



<p class="has-small-font-size">Kontakt: Kornelia Schierwath</p>
</div></div>



<div class="wp-block-group has-background" style="background-color:#d1dee3"><div class="wp-block-group__inner-container is-layout-constrained wp-block-group-is-layout-constrained">
<figure class="wp-block-image size-full"><img loading="lazy" decoding="async" width="1200" height="1599" src="https://freundeskreis-asyl-korb.de/wp-content/uploads/2025/08/Lesja.jpg" alt="" class="wp-image-1052" srcset="https://freundeskreis-asyl-korb.de/wp-content/uploads/2025/08/Lesja.jpg 1200w, https://freundeskreis-asyl-korb.de/wp-content/uploads/2025/08/Lesja-225x300.jpg 225w, https://freundeskreis-asyl-korb.de/wp-content/uploads/2025/08/Lesja-768x1023.jpg 768w, https://freundeskreis-asyl-korb.de/wp-content/uploads/2025/08/Lesja-1153x1536.jpg 1153w" sizes="auto, (max-width: 1200px) 100vw, 1200px" /></figure>



<p>Sehr geehrte Damen und Herren,<br>Guten Tag!</p>



<p>mein Name ist Lesja, ich bin 42 Jahre alt und lebe zusammen mit meinem 10 Monate alten Sohn.<br>Wir leben seit eineinhalb Jahren in Deutschland und kommen aus der Ukraine. Ich plane, langfristig hier zu bleiben, ein stabiles Leben aufzubauen und meinem Kind eine sichere und zuverlässige Zukunft zu ermöglichen.</p>



<p>Derzeit wohnen wir in einem Container für Geflüchtete, was für eine Familie mit einem kleinen Kind leider sehr unpraktisch ist. Es ist mir besonders wichtig, dass mein Sohn in einer ruhigen, sauberen und warmen Umgebung aufwächst, in der er sich entwickeln und sicher fühlen kann.</p>



<p>Wir sind ruhige, ordentliche und verantwortungsbewusste Mieter. Ich achte stets auf Sauberkeit und Ordnung und gehe sorgfältig mit dem Eigentum um.</p>



<p>Die Miete wird vollständig und pünktlich vom Jobcenter übernommen, was Ihnen eine stabile und zuverlässige Zahlung garantiert.</p>



<p>Für mich ist diese Wohnung nicht nur ein Zuhause, sondern eine Chance, meinem Sohn würdige Lebensbedingungen und eine unbeschwerte Kindheit zu bieten.</p>



<p>Ich freue mich sehr über Ihre Rückmeldung und hoffe, dass wir uns bald zu einer Besichtigung treffen können.</p>



<p>Mit freundlichen&nbsp;Grüßen<br>Lesja</p>
</div></div>



<div class="wp-block-group has-background" style="background-color:#d1dee3"><div class="wp-block-group__inner-container is-layout-constrained wp-block-group-is-layout-constrained">
<figure class="wp-block-image size-full"><img loading="lazy" decoding="async" width="321" height="321" src="https://freundeskreis-asyl-korb.de/wp-content/uploads/2025/07/Mahmood3.jpg" alt="" class="wp-image-872"/></figure>



<p>Mahmood ist 24 Jahre alt und kommt aus Afghanistan. Er ist jetzt seit 3 Jahre in Deutschland. </p>



<p>Vielleicht sind Sie Mahmood ja schon in unserer Postfiliale in Korb begegnet: Er hat dort mit einer Ausbildung angefangen.<br>Leider sind die Rahmenbedingungen, um in Ruhe lernen zu können, in der Anschlussunterbringung (dem Camp) nicht immer gut, deshalb ist sein großer Wunsch, in eine eigene kleine Wohnung in Korb oder Umgebung ziehen zu können.<br>Mahmood ist sehr fleißig, immer freundlich und ausgesprochen hilfsbereit. So hilft er z.B. Kindern im Camp regelmäßig bei den Hausaufgaben. Auch wenn wir vom Verein ihn um Hilfe bitten, können wir uns zuverlässig auf seine Unterstützung&nbsp;verlassen.</p>



<p>Wir freuen uns, wenn Sie ein Angebot für ihn haben. Gerne stellen wir den Kontakt zu Mahmood her.</p>
</div></div>



<div class="wp-block-group has-background" style="background-color:#d1dee3"><div class="wp-block-group__inner-container is-layout-constrained wp-block-group-is-layout-constrained">
<p><strong>Abdalrahim</strong> ist zwanzig Jahre alt und kommt aus Syrien. Aktuell macht er seine Deutsch-Kurse. Sein Ziel ist es, diese mit gutem Erfolg abzuschließen und anschließend eine Ausbildung zu machen.</p>



<p>Er ist sehr ruhig, freundlich und Nichtraucher. Er wünscht sich sehr, in eine eigene kleine Wohnung ziehen zu können, da es in der Anschlussunterbringung (im Camp) sehr schwierig ist, die nötige Ruhe zum Lernen zu finden.</p>



<p>In Korb fühlt Abdalrahim sich inzwischen zuhause, deshalb wäre es schön, wenn er hier auch ein echtes Zuhause finden würde.</p>



<p>Können Sie ihm helfen? Wir stellen gerne den Kontakt her.</p>
</div></div>



<p></p>

<p>S. ist ein junger Mann aus dem Iran, der gerne wieder als Konditor arbeiten würde. Solche tollen Torten bekommt er sogar unter den einfachen Verhältnissen im Camp (Gemeinschaftsunterkunft) hin. Wer gibt ihm eine Chance, sein Können zu zeigen? Gerne stellen wir den Kontakt her! Sie erreichen uns: freundeskreis-asyl-korb@web.de Kontakt: Kornelia Schierwath Sehr geehrte Damen und&hellip; <a class="more-link" href="https://freundeskreis-asyl-korb.de/?page_id=846"><span class="screen-reader-text">Wir suchen &#8230;</span> weiterlesen</a></p>
