{"id":85,"date":"2024-11-23T20:31:17","date_gmt":"2024-11-23T19:31:17","guid":{"rendered":"https:\/\/freundeskreis-asyl-korb.de\/?page_id=85"},"modified":"2026-04-14T19:41:56","modified_gmt":"2026-04-14T17:41:56","slug":"about-us","status":"publish","type":"page","link":"https:\/\/freundeskreis-asyl-korb.de\/?page_id=85","title":{"rendered":"\u00dcber uns"},"content":{"rendered":"\n<p class=\"has-large-font-size\"><strong>Wer sind wir und was sind unsere Ziele<\/strong>?<\/p>\n\n\n\n<p>Wir m\u00f6chten den hier lebenden Gefl\u00fcchteten mit unserer Arbeit bei der Ankunft und der Integration helfen. Dies versuchen wir in enger Zusammenarbeit mit der Gemeinde Korb, insbesondere den Integrationsbeauftragten und Integrationsmanagern, zu tun.<\/p>\n\n\n\n<figure class=\"wp-block-image size-large is-resized\"><img loading=\"lazy\" decoding=\"async\" width=\"571\" height=\"1024\" src=\"https:\/\/freundeskreis-asyl-korb.de\/wp-content\/uploads\/2025\/06\/Babyhaende-571x1024.jpg\" alt=\"\" class=\"wp-image-673\" style=\"width:267px;height:auto\" srcset=\"https:\/\/freundeskreis-asyl-korb.de\/wp-content\/uploads\/2025\/06\/Babyhaende-571x1024.jpg 571w, https:\/\/freundeskreis-asyl-korb.de\/wp-content\/uploads\/2025\/06\/Babyhaende-167x300.jpg 167w, https:\/\/freundeskreis-asyl-korb.de\/wp-content\/uploads\/2025\/06\/Babyhaende.jpg 746w\" sizes=\"auto, (max-width: 571px) 100vw, 571px\" \/><\/figure>\n\n\n\n<p>Unser Verein existiert seit 2015 und hat aktuell ca. 60 Mitglieder, von denen sich regelm\u00e4\u00dfig ca. 15 Personen aktiv an der Arbeit in den unterschiedlichen S\u00e4ulen beteiligen.<\/p>\n\n\n\n<p>Die Arbeit erfolgt ausschlie\u00dflich ehrenamtlich.<\/p>\n\n\n\n<p>Ohne Unterst\u00fctzung durch die Gemeinde Korb w\u00e4re unsere Arbeit nicht m\u00f6glich, auch den unterschiedlichen Kirchengemeinden, den Landfrauen und dem Rektorat der Gesamtschule sind wir f\u00fcr die schon lange w\u00e4hrende Unterst\u00fctzung sehr dankbar.<\/p>\n\n\n\n<p>Au\u00dferdem werden wir durch weitere engagierte Menschen unterst\u00fctzt, die uns mit ihrer Arbeit und Spenden bei verschiedenen Veranstaltungen und beim Vermitteln der deutschen Sprache helfen.<\/p>\n\n\n\n<p>Die verschiedenen Bereiche, in die wir uns aufgeteilt haben, nennen wir S\u00e4ulen.<\/p>\n\n\n\n<p>Aktuell sind folgende S\u00e4ulen aktiv:<\/p>\n\n\n\n<ul class=\"wp-block-list\">\n<li><a href=\"https:\/\/freundeskreis-asyl-korb.de\/?page_id=375\" data-type=\"page\" data-id=\"375\">Bedarf<\/a><\/li>\n\n\n\n<li><a href=\"https:\/\/freundeskreis-asyl-korb.de\/?page_id=395\" data-type=\"page\" data-id=\"395\">Begegnung<\/a><\/li>\n\n\n\n<li><a href=\"https:\/\/freundeskreis-asyl-korb.de\/?page_id=378\" data-type=\"page\" data-id=\"378\">Sprache<\/a><\/li>\n<\/ul>\n\n\n\n<p>Weitere Bereiche, die man unter dem Begriff <a href=\"https:\/\/freundeskreis-asyl-korb.de\/?page_id=473\" data-type=\"page\" data-id=\"473\">Alltag<\/a> zusammenfassen kann, versuchen wir ebenfalls abzudecken.<\/p>\n\n\n\n<p class=\"has-large-font-size\"><strong>Sie m\u00f6chten Mitglied in unserem Verein werden?<\/strong> <\/p>\n\n\n\n<p>Sie k\u00f6nnen uns auch ohne Mitgliedschaft unterst\u00fctzen. Da wir aber auf unsere Mitlgieder als Fundament unseres Vereins angewiesen sind, freut es uns besonders, wenn Sie sich f\u00fcr eine Mitgliedschaft entscheiden.<\/p>\n\n\n\n<p>Der aktuelle Mitgliedsbeitrag betr\u00e4gt 15,- EUR j\u00e4hrlich.<\/p>\n\n\n\n<p class=\"has-large-font-size\"><strong>Sie m\u00f6chten aktiv in einer der S\u00e4ulen mitarbeiten?<\/strong> <\/p>\n\n\n\n<p class=\"has-black-color has-text-color has-link-color wp-elements-ab6814383401b040a3b790606a0f0a7a\">Wir freuen uns auf Sie!<\/p>\n\n\n\n<div class=\"wp-block-group has-purple-background-color has-background\"><div class=\"wp-block-group__inner-container is-layout-constrained wp-block-group-is-layout-constrained\">\n<h4 class=\"wp-block-heading has-text-align-center\">Sie erreichen uns:<\/h4>\n\n\n\n<p class=\"has-text-align-center has-normal-font-size\">freundeskreis-asyl-korb@web.de<\/p>\n<\/div><\/div>\n\n\n\n<p class=\"has-text-align-center\"><\/p>\n\n\n\n<p class=\"has-large-font-size\"><strong>Sie m\u00f6chten unsere Arbeit durch eine Spende unterst\u00fctzen?<\/strong> Herzlichen Dank!<\/p>\n\n\n\n<p>Bankverbindung: <\/p>\n\n\n\n<p>Kreissparkasse Waiblingen (BLZ: 60250010), Kto: 15120188<\/p>\n\n\n\n<p>IBAN DE56602500100015120188<\/p>\n\n\n\n<p>BIC SOLADES1WBN<\/p>\n\n\n\n<p class=\"has-small-font-size\"><\/p>\n\n\n\n<div data-wp-interactive=\"core\/file\" class=\"wp-block-file\"><object data-wp-bind--hidden=\"!state.hasPdfPreview\" hidden class=\"wp-block-file__embed\" data=\"https:\/\/freundeskreis-asyl-korb.de\/wp-content\/uploads\/2024\/11\/Satzung-Freundeskreis-Asyl-Korb-2022-1.pdf\" type=\"application\/pdf\" style=\"width:100%;height:200px\" aria-label=\"Einbettung von Satzung Freundeskreis Asyl Korb 2022.\"><\/object><a id=\"wp-block-file--media-752ee896-cdf0-45f2-a16a-eb2345b9faa9\" href=\"https:\/\/freundeskreis-asyl-korb.de\/wp-content\/uploads\/2024\/11\/Satzung-Freundeskreis-Asyl-Korb-2022-1.pdf\">Satzung Freundeskreis Asyl Korb 2022<\/a><a href=\"https:\/\/freundeskreis-asyl-korb.de\/wp-content\/uploads\/2024\/11\/Satzung-Freundeskreis-Asyl-Korb-2022-1.pdf\" class=\"wp-block-file__button wp-element-button\" download aria-describedby=\"wp-block-file--media-752ee896-cdf0-45f2-a16a-eb2345b9faa9\">Download<\/a><\/div>\n\n\n\n<div class=\"wp-block-file\"><a id=\"wp-block-file--media-28a3388c-ad2d-4653-9c56-390d61c856bc\" href=\"https:\/\/freundeskreis-asyl-korb.de\/wp-content\/uploads\/2025\/06\/FK-Mitgliedsantrag-1.jpg\">FK Mitgliedsantrag<\/a><a href=\"https:\/\/freundeskreis-asyl-korb.de\/wp-content\/uploads\/2025\/06\/FK-Mitgliedsantrag-1.jpg\" class=\"wp-block-file__button wp-element-button\" download aria-describedby=\"wp-block-file--media-28a3388c-ad2d-4653-9c56-390d61c856bc\">Download<\/a><\/div>\n\n\n\n<div class=\"wp-block-group has-purple-background-color has-background\"><div class=\"wp-block-group__inner-container is-layout-constrained wp-block-group-is-layout-constrained\">\n<h4 class=\"wp-block-heading has-text-align-center has-extra-small-font-size\">Impressum <\/h4>\n\n\n\n<div class=\"wp-block-group\"><div class=\"wp-block-group__inner-container is-layout-constrained wp-block-group-is-layout-constrained\">\n<p class=\"has-small-font-size\">Dieses Internetangebot wird unterhalten vom Freundeskreis Asyl Korb e.V., eingetragen in das Vereinsregister Baden-W\u00fcrttemberg Amtsgericht Stuttgart VR 721937<\/p>\n\n\n\n<p class=\"has-small-font-size\">Postalische Adresse: Fritz-Klett-Str. 3\/2, 71404 Korb,<\/p>\n\n\n\n<p class=\"has-small-font-size\">Telefon: 07151-302002 <\/p>\n\n\n\n<p class=\"has-small-font-size\">E-Mail: Freundeskreis-Asyl-Korb@web.de<\/p>\n\n\n\n<p class=\"has-small-font-size\">Verantwortlich gem\u00e4\u00df \u00a7 5 Telemediengesetz (TMD) und \u00a7 4 Rundfunkstaatsvertrag, Art 13 Abs.1 a Datenschutzgrundverordnung (DSGVO) sind:<\/p>\n\n\n\n<p class=\"has-small-font-size\">Vorstandsvorsitzender: Dr. Joachim Rie\u00df<\/p>\n\n\n\n<p class=\"has-small-font-size\">Stellvertreterin und Kassiererin: Kornelia Schierwath <\/p>\n\n\n\n<p class=\"has-small-font-size\">Schriftf\u00fchrer: Gerhard Brenner<\/p>\n\n\n\n<p class=\"has-small-font-size\"><\/p>\n<\/div><\/div>\n<\/div><\/div>\n","protected":false},"excerpt":{"rendered":"<p>Wer sind wir und was sind unsere Ziele? Wir m\u00f6chten den hier lebenden Gefl\u00fcchteten mit unserer Arbeit bei der Ankunft und der Integration helfen. Dies versuchen wir in enger Zusammenarbeit mit der Gemeinde Korb, insbesondere den Integrationsbeauftragten und Integrationsmanagern, zu tun. Unser Verein existiert seit 2015 und hat aktuell ca. 60 Mitglieder, von denen sich&hellip; <a class=\"more-link\" href=\"https:\/\/freundeskreis-asyl-korb.de\/?page_id=85\"><span class=\"screen-reader-text\">\u00dcber uns<\/span> weiterlesen<\/a><\/p>\n","protected":false},"author":1,"featured_media":0,"parent":0,"menu_order":2,"comment_status":"closed","ping_status":"closed","template":"","meta":{"footnotes":""},"class_list":["post-85","page","type-page","status-publish","hentry","entry"],"_links":{"self":[{"href":"https:\/\/freundeskreis-asyl-korb.de\/index.php?rest_route=\/wp\/v2\/pages\/85","targetHints":{"allow":["GET"]}}],"collection":[{"href":"https:\/\/freundeskreis-asyl-korb.de\/index.php?rest_route=\/wp\/v2\/pages"}],"about":[{"href":"https:\/\/freundeskreis-asyl-korb.de\/index.php?rest_route=\/wp\/v2\/types\/page"}],"author":[{"embeddable":true,"href":"https:\/\/freundeskreis-asyl-korb.de\/index.php?rest_route=\/wp\/v2\/users\/1"}],"replies":[{"embeddable":true,"href":"https:\/\/freundeskreis-asyl-korb.de\/index.php?rest_route=%2Fwp%2Fv2%2Fcomments&post=85"}],"version-history":[{"count":28,"href":"https:\/\/freundeskreis-asyl-korb.de\/index.php?rest_route=\/wp\/v2\/pages\/85\/revisions"}],"predecessor-version":[{"id":1457,"href":"https:\/\/freundeskreis-asyl-korb.de\/index.php?rest_route=\/wp\/v2\/pages\/85\/revisions\/1457"}],"wp:attachment":[{"href":"https:\/\/freundeskreis-asyl-korb.de\/index.php?rest_route=%2Fwp%2Fv2%2Fmedia&parent=85"}],"curies":[{"name":"wp","href":"https:\/\/api.w.org\/{rel}","templated":true}]}}

Über uns

<p class="has-large-font-size"><strong>Wer sind wir und was sind unsere Ziele</strong>?</p>



<p>Wir möchten den hier lebenden Geflüchteten mit unserer Arbeit bei der Ankunft und der Integration helfen. Dies versuchen wir in enger Zusammenarbeit mit der Gemeinde Korb, insbesondere den Integrationsbeauftragten und Integrationsmanagern, zu tun.</p>



<figure class="wp-block-image size-large is-resized"><img loading="lazy" decoding="async" width="571" height="1024" src="https://freundeskreis-asyl-korb.de/wp-content/uploads/2025/06/Babyhaende-571x1024.jpg" alt="" class="wp-image-673" style="width:267px;height:auto" srcset="https://freundeskreis-asyl-korb.de/wp-content/uploads/2025/06/Babyhaende-571x1024.jpg 571w, https://freundeskreis-asyl-korb.de/wp-content/uploads/2025/06/Babyhaende-167x300.jpg 167w, https://freundeskreis-asyl-korb.de/wp-content/uploads/2025/06/Babyhaende.jpg 746w" sizes="auto, (max-width: 571px) 100vw, 571px" /></figure>



<p>Unser Verein existiert seit 2015 und hat aktuell ca. 60 Mitglieder, von denen sich regelmäßig ca. 15 Personen aktiv an der Arbeit in den unterschiedlichen Säulen beteiligen.</p>



<p>Die Arbeit erfolgt ausschließlich ehrenamtlich.</p>



<p>Ohne Unterstützung durch die Gemeinde Korb wäre unsere Arbeit nicht möglich, auch den unterschiedlichen Kirchengemeinden, den Landfrauen und dem Rektorat der Gesamtschule sind wir für die schon lange währende Unterstützung sehr dankbar.</p>



<p>Außerdem werden wir durch weitere engagierte Menschen unterstützt, die uns mit ihrer Arbeit und Spenden bei verschiedenen Veranstaltungen und beim Vermitteln der deutschen Sprache helfen.</p>



<p>Die verschiedenen Bereiche, in die wir uns aufgeteilt haben, nennen wir Säulen.</p>



<p>Aktuell sind folgende Säulen aktiv:</p>



<ul class="wp-block-list">
<li><a href="https://freundeskreis-asyl-korb.de/?page_id=375" data-type="page" data-id="375">Bedarf</a></li>



<li><a href="https://freundeskreis-asyl-korb.de/?page_id=395" data-type="page" data-id="395">Begegnung</a></li>



<li><a href="https://freundeskreis-asyl-korb.de/?page_id=378" data-type="page" data-id="378">Sprache</a></li>
</ul>



<p>Weitere Bereiche, die man unter dem Begriff <a href="https://freundeskreis-asyl-korb.de/?page_id=473" data-type="page" data-id="473">Alltag</a> zusammenfassen kann, versuchen wir ebenfalls abzudecken.</p>



<p class="has-large-font-size"><strong>Sie möchten Mitglied in unserem Verein werden?</strong> </p>



<p>Sie können uns auch ohne Mitgliedschaft unterstützen. Da wir aber auf unsere Mitlgieder als Fundament unseres Vereins angewiesen sind, freut es uns besonders, wenn Sie sich für eine Mitgliedschaft entscheiden.</p>



<p>Der aktuelle Mitgliedsbeitrag beträgt 15,- EUR jährlich.</p>



<p class="has-large-font-size"><strong>Sie möchten aktiv in einer der Säulen mitarbeiten?</strong> </p>



<p class="has-black-color has-text-color has-link-color wp-elements-ab6814383401b040a3b790606a0f0a7a">Wir freuen uns auf Sie!</p>



<div class="wp-block-group has-purple-background-color has-background"><div class="wp-block-group__inner-container is-layout-constrained wp-block-group-is-layout-constrained">
<h4 class="wp-block-heading has-text-align-center">Sie erreichen uns:</h4>



<p class="has-text-align-center has-normal-font-size">freundeskreis-asyl-korb@web.de</p>
</div></div>



<p class="has-text-align-center"></p>



<p class="has-large-font-size"><strong>Sie möchten unsere Arbeit durch eine Spende unterstützen?</strong> Herzlichen Dank!</p>



<p>Bankverbindung: </p>



<p>Kreissparkasse Waiblingen (BLZ: 60250010), Kto: 15120188</p>



<p>IBAN DE56602500100015120188</p>



<p>BIC SOLADES1WBN</p>



<p class="has-small-font-size"></p>



<div data-wp-interactive="core/file" class="wp-block-file"><object data-wp-bind--hidden="!state.hasPdfPreview" hidden class="wp-block-file__embed" data="https://freundeskreis-asyl-korb.de/wp-content/uploads/2024/11/Satzung-Freundeskreis-Asyl-Korb-2022-1.pdf" type="application/pdf" style="width:100%;height:200px" aria-label="Einbettung von Satzung Freundeskreis Asyl Korb 2022."></object><a id="wp-block-file--media-752ee896-cdf0-45f2-a16a-eb2345b9faa9" href="https://freundeskreis-asyl-korb.de/wp-content/uploads/2024/11/Satzung-Freundeskreis-Asyl-Korb-2022-1.pdf">Satzung Freundeskreis Asyl Korb 2022</a><a href="https://freundeskreis-asyl-korb.de/wp-content/uploads/2024/11/Satzung-Freundeskreis-Asyl-Korb-2022-1.pdf" class="wp-block-file__button wp-element-button" download aria-describedby="wp-block-file--media-752ee896-cdf0-45f2-a16a-eb2345b9faa9">Download</a></div>



<div class="wp-block-file"><a id="wp-block-file--media-28a3388c-ad2d-4653-9c56-390d61c856bc" href="https://freundeskreis-asyl-korb.de/wp-content/uploads/2025/06/FK-Mitgliedsantrag-1.jpg">FK Mitgliedsantrag</a><a href="https://freundeskreis-asyl-korb.de/wp-content/uploads/2025/06/FK-Mitgliedsantrag-1.jpg" class="wp-block-file__button wp-element-button" download aria-describedby="wp-block-file--media-28a3388c-ad2d-4653-9c56-390d61c856bc">Download</a></div>



<div class="wp-block-group has-purple-background-color has-background"><div class="wp-block-group__inner-container is-layout-constrained wp-block-group-is-layout-constrained">
<h4 class="wp-block-heading has-text-align-center has-extra-small-font-size">Impressum </h4>



<div class="wp-block-group"><div class="wp-block-group__inner-container is-layout-constrained wp-block-group-is-layout-constrained">
<p class="has-small-font-size">Dieses Internetangebot wird unterhalten vom Freundeskreis Asyl Korb e.V., eingetragen in das Vereinsregister Baden-Württemberg Amtsgericht Stuttgart VR 721937</p>



<p class="has-small-font-size">Postalische Adresse: Fritz-Klett-Str. 3/2, 71404 Korb,</p>



<p class="has-small-font-size">Telefon: 07151-302002 </p>



<p class="has-small-font-size">E-Mail: Freundeskreis-Asyl-Korb@web.de</p>



<p class="has-small-font-size">Verantwortlich gemäß § 5 Telemediengesetz (TMD) und § 4 Rundfunkstaatsvertrag, Art 13 Abs.1 a Datenschutzgrundverordnung (DSGVO) sind:</p>



<p class="has-small-font-size">Vorstandsvorsitzender: Dr. Joachim Rieß</p>



<p class="has-small-font-size">Stellvertreterin und Kassiererin: Kornelia Schierwath </p>



<p class="has-small-font-size">Schriftführer: Gerhard Brenner</p>



<p class="has-small-font-size"></p>
</div></div>
</div></div>

<p>Wer sind wir und was sind unsere Ziele? Wir möchten den hier lebenden Geflüchteten mit unserer Arbeit bei der Ankunft und der Integration helfen. Dies versuchen wir in enger Zusammenarbeit mit der Gemeinde Korb, insbesondere den Integrationsbeauftragten und Integrationsmanagern, zu tun. Unser Verein existiert seit 2015 und hat aktuell ca. 60 Mitglieder, von denen sich&hellip; <a class="more-link" href="https://freundeskreis-asyl-korb.de/?page_id=85"><span class="screen-reader-text">Über uns</span> weiterlesen</a></p>
