{"id":925,"date":"2025-07-16T20:44:54","date_gmt":"2025-07-16T18:44:54","guid":{"rendered":"https:\/\/freundeskreis-asyl-korb.de\/?page_id=925"},"modified":"2026-03-14T11:46:33","modified_gmt":"2026-03-14T10:46:33","slug":"veroeffentlichungen-und-informationen","status":"publish","type":"page","link":"https:\/\/freundeskreis-asyl-korb.de\/?page_id=925","title":{"rendered":"Ver\u00f6ffentlichungen und Informationen"},"content":{"rendered":"\n<div class=\"wp-block-group is-style-twentytwentyone-border\"><div class=\"wp-block-group__inner-container is-layout-constrained wp-block-group-is-layout-constrained\">\n<h3 class=\"wp-block-heading\">Integrationsbericht Korb M\u00e4rz 2026<\/h3>\n\n\n\n<div data-wp-interactive=\"core\/file\" class=\"wp-block-file\"><object data-wp-bind--hidden=\"!state.hasPdfPreview\" hidden class=\"wp-block-file__embed\" data=\"https:\/\/freundeskreis-asyl-korb.de\/wp-content\/uploads\/2026\/03\/Sachstandsbericht-der-Integrationsarbeit-in-Korb.pdf\" type=\"application\/pdf\" style=\"width:100%;height:600px\" aria-label=\"Einbettung von Sachstandsbericht der Integrationsarbeit in Korb.\"><\/object><a id=\"wp-block-file--media-c8fe9ea1-39d7-405b-92f5-371788547ddc\" href=\"https:\/\/freundeskreis-asyl-korb.de\/wp-content\/uploads\/2026\/03\/Sachstandsbericht-der-Integrationsarbeit-in-Korb.pdf\">Sachstandsbericht der Integrationsarbeit in Korb<\/a><a href=\"https:\/\/freundeskreis-asyl-korb.de\/wp-content\/uploads\/2026\/03\/Sachstandsbericht-der-Integrationsarbeit-in-Korb.pdf\" class=\"wp-block-file__button wp-element-button\" download aria-describedby=\"wp-block-file--media-c8fe9ea1-39d7-405b-92f5-371788547ddc\">Herunterladen<\/a><\/div>\n<\/div><\/div>\n\n\n\n<div class=\"wp-block-group is-style-twentytwentyone-border\"><div class=\"wp-block-group__inner-container is-layout-constrained wp-block-group-is-layout-constrained\">\n<h3 class=\"wp-block-heading\"><strong>Wegfall der Integrationskurse<\/strong><\/h3>\n\n\n\n<p>Folgende Informationen haben wir vom Kreisdiakonieverband erhalten:<\/p>\n\n\n\n<ul class=\"wp-block-list\">\n<li>Im Haushaltsjahr 2026 werden&nbsp;<strong>bis auf Weiteres keine neuen Zulassungen<\/strong>&nbsp;zur Teilnahme an Integrationskursen erteilt.<br>Betroffen sind Asylbewerber, Geduldete, Menschen aus der Ukraine und Unionsb\u00fcrger.<\/li>\n\n\n\n<li><strong>Bereits erteilte Teilnahmeberechtigungen bleiben g\u00fcltig.<\/strong><br>Diese Personen k\u00f6nnen weiterhin Kurse beginnen oder fortsetzen.<\/li>\n\n\n\n<li><strong>Bereits beim BAMF eingereichte, noch nicht entschiedene Antr\u00e4ge<\/strong>&nbsp;werden nach und nach&nbsp;<strong>abgelehnt<\/strong>.<br>Kurstr\u00e4ger sollen&nbsp;<strong>keine neuen Zulassungsantr\u00e4ge<\/strong>&nbsp;mehr einreichen, um Doppelantr\u00e4ge zu vermeiden.<\/li>\n\n\n\n<li>Personen ohne Zulassung k\u00f6nnen&nbsp;<strong>als Selbstzahlende<\/strong>&nbsp;an Integrationskursen teilnehmen.<\/li>\n\n\n\n<li>In Ablehnungsbescheiden wird auf&nbsp;<strong>Selbstlernangebote<\/strong>&nbsp;hingewiesen; auch Kurstr\u00e4ger sollen Antragstellende dar\u00fcber informieren.<\/li>\n\n\n\n<li>Hintergrund der Ma\u00dfnahme sind&nbsp;<strong>begrenzte Haushaltsmittel und finanzielle Risiken<\/strong>&nbsp;durch \u00fcberj\u00e4hrige Kurslaufzeiten. Ziel ist eine&nbsp;<strong>verl\u00e4ssliche Finanzierung<\/strong>&nbsp;bereits bestehender Verpflichtungen und die fristgerechte Bezahlung der Kurstr\u00e4ger.<\/li>\n\n\n\n<li>Langfristig soll das Integrationskurssystem&nbsp;<strong>weiterentwickelt, vereinfacht und besser steuerbar<\/strong>&nbsp;werden.<\/li>\n<\/ul>\n\n\n\n<div data-wp-interactive=\"core\/file\" class=\"wp-block-file\"><object data-wp-bind--hidden=\"!state.hasPdfPreview\" hidden class=\"wp-block-file__embed\" data=\"https:\/\/freundeskreis-asyl-korb.de\/wp-content\/uploads\/2026\/02\/Rundschreiben-BAMF-Integrationskurse.pdf\" type=\"application\/pdf\" style=\"width:100%;height:600px\" aria-label=\"Einbettung von Rundschreiben BAMF Integrationskurse.\"><\/object><a id=\"wp-block-file--media-ba24ca7b-346a-4b5f-a68b-d5e4c6c084e5\" href=\"https:\/\/freundeskreis-asyl-korb.de\/wp-content\/uploads\/2026\/02\/Rundschreiben-BAMF-Integrationskurse.pdf\">Rundschreiben BAMF Integrationskurse<\/a><a href=\"https:\/\/freundeskreis-asyl-korb.de\/wp-content\/uploads\/2026\/02\/Rundschreiben-BAMF-Integrationskurse.pdf\" class=\"wp-block-file__button wp-element-button\" download aria-describedby=\"wp-block-file--media-ba24ca7b-346a-4b5f-a68b-d5e4c6c084e5\">Herunterladen<\/a><\/div>\n\n\n\n<div data-wp-interactive=\"core\/file\" class=\"wp-block-file\"><object data-wp-bind--hidden=\"!state.hasPdfPreview\" hidden class=\"wp-block-file__embed\" data=\"https:\/\/freundeskreis-asyl-korb.de\/wp-content\/uploads\/2026\/02\/Anlage_1_Rundschreiben-BAMF.pdf\" type=\"application\/pdf\" style=\"width:100%;height:600px\" aria-label=\"Einbettung von Anlage_1_Rundschreiben BAMF.\"><\/object><a id=\"wp-block-file--media-e55a606b-718c-4488-a03d-d3a0c6b152b0\" href=\"https:\/\/freundeskreis-asyl-korb.de\/wp-content\/uploads\/2026\/02\/Anlage_1_Rundschreiben-BAMF.pdf\">Anlage_1_Rundschreiben BAMF<\/a><a href=\"https:\/\/freundeskreis-asyl-korb.de\/wp-content\/uploads\/2026\/02\/Anlage_1_Rundschreiben-BAMF.pdf\" class=\"wp-block-file__button wp-element-button\" download aria-describedby=\"wp-block-file--media-e55a606b-718c-4488-a03d-d3a0c6b152b0\">Herunterladen<\/a><\/div>\n<\/div><\/div>\n\n\n\n<p><\/p>\n\n\n\n<div class=\"wp-block-group is-style-twentytwentyone-border\"><div class=\"wp-block-group__inner-container is-layout-constrained wp-block-group-is-layout-constrained\">\n<h3 class=\"wp-block-heading\">Mindeststandards zum Schutz von gefl\u00fcchteten Menschen<br>in Fl\u00fcchtlingsunterk\u00fcnften<\/h3>\n\n\n\n<div data-wp-interactive=\"core\/file\" class=\"wp-block-file\"><object data-wp-bind--hidden=\"!state.hasPdfPreview\" hidden class=\"wp-block-file__embed\" data=\"https:\/\/freundeskreis-asyl-korb.de\/wp-content\/uploads\/2026\/02\/mindeststandards-zum-schutz-von-gefluechteten-menschen-in-fluechtlingsunterkuenften-data.pdf\" type=\"application\/pdf\" style=\"width:100%;height:600px\" aria-label=\"Einbettung von mindeststandards-zum-schutz-von-gefluechteten-menschen-in-fluechtlingsunterkuenften-data  (Eine Brosch\u00fcre des Bundesministeriums f\u00fcr Bildung, Familie, Senioren, Frauen und Jugend).\"><\/object><a id=\"wp-block-file--media-f5814eac-6c21-43aa-9491-9cbde303b3da\" href=\"https:\/\/freundeskreis-asyl-korb.de\/wp-content\/uploads\/2026\/02\/mindeststandards-zum-schutz-von-gefluechteten-menschen-in-fluechtlingsunterkuenften-data.pdf\">mindeststandards-zum-schutz-von-gefluechteten-menschen-in-fluechtlingsunterkuenften-data  (Eine Brosch\u00fcre des Bundesministeriums f\u00fcr Bildung, Familie, Senioren, Frauen und Jugend)<\/a><a href=\"https:\/\/freundeskreis-asyl-korb.de\/wp-content\/uploads\/2026\/02\/mindeststandards-zum-schutz-von-gefluechteten-menschen-in-fluechtlingsunterkuenften-data.pdf\" class=\"wp-block-file__button wp-element-button\" download aria-describedby=\"wp-block-file--media-f5814eac-6c21-43aa-9491-9cbde303b3da\">Herunterladen<\/a><\/div>\n<\/div><\/div>\n\n\n\n<div class=\"wp-block-group is-style-twentytwentyone-border\"><div class=\"wp-block-group__inner-container is-layout-constrained wp-block-group-is-layout-constrained\">\n<h3 class=\"wp-block-heading\">Sachgebiet Integration Winnenden Sachstandsbericht Anfang 2026 <\/h3>\n\n\n\n<p><a href=\"https:\/\/www.winnenden.de\/soziales-gesundheit--teilhabe\/integration\">Integration | Winnenden<\/a><\/p>\n<\/div><\/div>\n\n\n\n<div class=\"wp-block-group\"><div class=\"wp-block-group__inner-container is-layout-constrained wp-block-group-is-layout-constrained\">\n<div class=\"wp-block-group is-style-twentytwentyone-border\"><div class=\"wp-block-group__inner-container is-layout-constrained wp-block-group-is-layout-constrained\">\n<p><strong>Zu den Landtagswahlen hat der Fl\u00fcchtlingsrat&nbsp;<a href=\"https:\/\/fluechtlingsrat-bw.de\/wp-content\/uploads\/2025\/12\/25-12_Forderungen-FRBW-Landtagswahlen-2026.pdf\"><strong>zehn Forderungen an die neue Landesregierung<\/strong><\/a>&nbsp;formuliert.&nbsp;<\/strong><\/p>\n\n\n\n<div data-wp-interactive=\"core\/file\" class=\"wp-block-file\"><object data-wp-bind--hidden=\"!state.hasPdfPreview\" hidden class=\"wp-block-file__embed\" data=\"https:\/\/freundeskreis-asyl-korb.de\/wp-content\/uploads\/2026\/03\/25-12_Forderungen-FRBW-Landtagswahlen-2026-2.pdf\" type=\"application\/pdf\" style=\"width:100%;height:600px\" aria-label=\"Einbettung von 25-12_Forderungen-FRBW-Landtagswahlen-2026.\"><\/object><a id=\"wp-block-file--media-2666a6cc-e2d2-4c31-a242-9e51dabf81e8\" href=\"https:\/\/freundeskreis-asyl-korb.de\/wp-content\/uploads\/2026\/03\/25-12_Forderungen-FRBW-Landtagswahlen-2026-2.pdf\">25-12_Forderungen-FRBW-Landtagswahlen-2026<\/a><a href=\"https:\/\/freundeskreis-asyl-korb.de\/wp-content\/uploads\/2026\/03\/25-12_Forderungen-FRBW-Landtagswahlen-2026-2.pdf\" class=\"wp-block-file__button wp-element-button\" download aria-describedby=\"wp-block-file--media-2666a6cc-e2d2-4c31-a242-9e51dabf81e8\">Herunterladen<\/a><\/div>\n<\/div><\/div>\n\n\n\n<div class=\"wp-block-group is-style-twentytwentyone-border\"><div class=\"wp-block-group__inner-container is-layout-constrained wp-block-group-is-layout-constrained\">\n<p><strong>Pr\u00e4sentation von Prof. Dr. Gretsch<\/strong><\/p>\n\n\n\n<div data-wp-interactive=\"core\/file\" class=\"wp-block-file\"><object data-wp-bind--hidden=\"!state.hasPdfPreview\" hidden class=\"wp-block-file__embed\" data=\"https:\/\/freundeskreis-asyl-korb.de\/wp-content\/uploads\/2026\/03\/Praesentation-Waiblingen-2026-Petra-GretschFIN-Fokus-Integration-und-Bildung.pdf\" type=\"application\/pdf\" style=\"width:100%;height:600px\" aria-label=\"Einbettung von Pr\u00e4sentation Waiblingen 2026 Petra GretschFIN Fokus Integration und Bildung.\"><\/object><a id=\"wp-block-file--media-619aaad4-fcd0-46e1-a2c6-2b56c31a2232\" href=\"https:\/\/freundeskreis-asyl-korb.de\/wp-content\/uploads\/2026\/03\/Praesentation-Waiblingen-2026-Petra-GretschFIN-Fokus-Integration-und-Bildung.pdf\">Pr\u00e4sentation Waiblingen 2026 Petra GretschFIN Fokus Integration und Bildung<\/a><a href=\"https:\/\/freundeskreis-asyl-korb.de\/wp-content\/uploads\/2026\/03\/Praesentation-Waiblingen-2026-Petra-GretschFIN-Fokus-Integration-und-Bildung.pdf\" class=\"wp-block-file__button wp-element-button\" download aria-describedby=\"wp-block-file--media-619aaad4-fcd0-46e1-a2c6-2b56c31a2232\">Herunterladen<\/a><\/div>\n<\/div><\/div>\n\n\n\n<div class=\"wp-block-group is-style-twentytwentyone-border\"><div class=\"wp-block-group__inner-container is-layout-constrained wp-block-group-is-layout-constrained\">\n<p><strong>Migrationspolitik aus Sicht eines Gefl\u00fcchteten<\/strong><\/p>\n\n\n\n<p>Liebe \u2026,<\/p>\n\n\n\n<p>ich m\u00f6chte meine pers\u00f6nliche Asylerfahrung schildern sowie die positiven und negativen Aspekte, die ich in Deutschland als Asylsuchender erlebt habe. Mein Wunsch ist, dass meine Meinung die Politiker erreicht, die Deutschland genauso lieben, wie ich dieses Land wirklich liebe. Selbst wenn ich am Ende keine Aufenthaltserlaubnis bekomme, werde ich Deutschland als dieses sch\u00f6ne Land weiterhin sch\u00e4tzen.<\/p>\n\n\n\n<p>Zun\u00e4chst habe ich eine sehr starke und f\u00fcr mich nicht nachvollziehbare Langsamkeit bei der Bearbeitung von Asylantr\u00e4gen festgestellt. Asylsuchende erhalten oft \u00fcber lange Zeitr\u00e4ume keine Entscheidung und wissen dadurch nicht, wie sie ihr Leben planen oder welchen n\u00e4chsten Schritt sie gehen sollen. Diese zeitliche L\u00fccke wird von vielen Menschen aus unterschiedlichen Nationalit\u00e4ten ausgenutzt: Sie reisen mit ihren Familien ein, profitieren jahrelang von den Leistungen f\u00fcr Asylbewerber, sammeln so viel Geld wie m\u00f6glich und verlassen danach das Land. Das belastet die deutsche Wirtschaft und schadet den Menschen, die wirklich eine Chance verdienen.<\/p>\n\n\n\n<p>Ein Beispiel, das ich erlebt habe: Eine Familie mit f\u00fcnf Personen reist nach Deutschland und zahlt an Menschenschmuggler etwa 1.000 Euro pro Person. Die Gesamtkosten der Reise liegen bei etwa 7.000 bis 8.000 Euro. Danach stellen sie einen Asylantrag und erhalten rund 2.000 Euro monatlich \u00fcber zwei Jahre. Kommt es zu einer Ablehnung, legen sie Widerspruch ein und arbeiten h\u00e4ufig ohne Arbeitserlaubnis, wenn sie schon \u00fcber starke soziale Netzwerke verf\u00fcgen, auf die sie zur\u00fcckgreifen k\u00f6nnen.<\/p>\n\n\n\n<p>Die L\u00f6sung w\u00e4re aus meiner Sicht eine schnelle, korrekte und endg\u00fcltige Entscheidung ohne endlose \u00dcberpr\u00fcfungen.<\/p>\n\n\n\n<p>Zweitens habe ich den Eindruck gewonnen, dass Asylentscheidungen teilweise zuf\u00e4llig und ohne klare, einheitliche Kriterien getroffen werden. Ich bin von der T\u00fcrkei nach Griechenland und anschlie\u00dfend nach Deutschland gekommen. Fast alle meine Freunde, die in andere Bundesl\u00e4nder verteilt wurden und nahezu die gleiche politische und soziale Ausgangslage hatten wie ich, haben einen Aufenthaltstitel erhalten \u2013 au\u00dfer mir, da ich Baden-W\u00fcrttemberg zugewiesen wurde.<\/p>\n\n\n\n<p>Die L\u00f6sung w\u00e4re eine bundesweit einheitliche, transparente Regelung f\u00fcr Asylentscheidungen, damit nicht Gl\u00fcck oder Zufall \u00fcber die Zukunft eines Menschen entscheiden.<\/p>\n\n\n\n<p>Drittens stellt Deutschland fest, dass ein gro\u00dfer Bedarf an Arbeitskr\u00e4ften besteht. Doch Menschen, die wirklich arbeiten und sich integrieren wollen, sto\u00dfen auf unn\u00f6tige H\u00fcrden. Ich habe mehr als zehn Mal ein Vollzeit-Arbeitsangebot erhalten, aber entweder lag der Arbeitsplatz in einer anderen Stadt, was mir nicht erlaubt war, oder der Arbeitgeber konnte nicht warten, bis ich eine Arbeitserlaubnis erhielt.<\/p>\n\n\n\n<p>Die L\u00f6sung w\u00e4re, Asylbewerbern automatisch eine offene Arbeitserlaubnis zu erteilen, sobald sie einen Arbeitsvertrag vorlegen, ohne lange und l\u00e4hmende Wartezeiten.<\/p>\n\n\n\n<p>Viertens erkl\u00e4rt die deutsche Regierung, dass die wirtschaftliche Lage schwierig sei. Anstatt jedoch Asylverfahren zu beschleunigen, werden hohe Kosten f\u00fcr Unterbringung, medizinische Versorgung und Bildung f\u00fcr Asylsuchende getragen. Nach ein oder zwei Jahren erhalten viele dennoch eine Ablehnung. Wenn man realistisch ist, sollte man entweder fr\u00fchzeitig eine echte Chance geben oder innerhalb der ersten vier Monate eine Ablehnung aussprechen, verbunden mit einer fairen finanziellen Unterst\u00fctzung und einer geordneten R\u00fcckkehr.<\/p>\n\n\n\n<p>In meinem Fall lebe ich seit \u00fcber zwei Jahren in Deutschland und koste den Staat etwa 750 Euro monatlich. Das bedeutet, dass Deutschland f\u00fcr mich rund 20.000 Euro ausgegeben hat. Trotzdem musste ich zwei Jahre warten, um ein zweites Interview zu bekommen, ohne zu wissen, was meine Zukunft bringt. Ich habe Deutsch gelernt, den Integrationskurs absolviert, Teilzeit gearbeitet und suche nun eine Vollzeitstelle. Doch ohne Aufenthaltstitel und mit meiner Familie in der T\u00fcrkei verliere ich zunehmend die Hoffnung auf eine stabile Zukunft.<\/p>\n\n\n\n<p>Ich bin aus der T\u00fcrkei nach Deutschland gekommen, nicht aus Syrien, und habe dabei viel eigenes Geld investiert. Auch meine Familie in der T\u00fcrkei hat das gesamte Geld verbraucht, das ich ihr hinterlassen hatte. Es w\u00e4re daher fair gewesen, mir entweder innerhalb der ersten sechs Monate eine Ablehnung zu geben und beispielsweise eine einmalige Unterst\u00fctzung von 5.000 Euro zu zahlen \u2013 das h\u00e4tte mir verlorene Lebenszeit erspart, meine Familie finanziell gesch\u00fctzt und auch dem deutschen Staat erhebliche Kosten erspart.<\/p>\n\n\n\n<p>Deutschland k\u00f6nnte zum Beispiel eine befristete Aufenthaltserlaubnis von maximal einem Jahr vergeben \u2013 zur Sprachf\u00f6rderung, Arbeitsaufnahme oder f\u00fcr eine freiwillige R\u00fcckkehr. Stattdessen bleiben viele Asylsuchende jahrelang ohne klare Antworten in der Schwebe.<\/p>\n\n\n\n<p>Au\u00dferdem habe ich ein deutliches Entgegenkommen gegen\u00fcber Problemverursachern, Randalierern, Drogenabh\u00e4ngigen und Kriminellen beobachtet. Diese Menschen stellen eine Gefahr f\u00fcr die gesamte Gesellschaft dar \u2013 sowohl f\u00fcr Einheimische als auch f\u00fcr andere Migranten.<\/p>\n\n\n\n<p>Der sch\u00f6nste positive Aspekt ist jedoch das deutsche Volk: \u00fcberwiegend freundlich, hilfsbereit und nicht rassistisch. Ebenso positiv ist eine Regierung, die sich bem\u00fcht, sozial schw\u00e4chere Menschen zu unterst\u00fctzen, sowie die beeindruckende Genauigkeit und Ordnung in nahezu allen Bereichen des Lebens.<\/p>\n\n\n\n<p>In jedem Fall: Danke, Deutschland.<\/p>\n\n\n\n<p>Dieser Text wurde von einem Asylbewerber selbst auf Deutsch verfasst. Er war knapp zwei Jahre in Korb untergebracht und muss Korb jetzt wieder verlassen. Er hat mir seinen Text geschickt und die Erlaubnis, diesen zu ver\u00f6ffentlichen.<\/p>\n\n\n\n<p><\/p>\n<\/div><\/div>\n<\/div><\/div>\n\n\n\n<p><\/p>\n","protected":false},"excerpt":{"rendered":"<p>Integrationsbericht Korb M\u00e4rz 2026 Wegfall der Integrationskurse Folgende Informationen haben wir vom Kreisdiakonieverband erhalten: Mindeststandards zum Schutz von gefl\u00fcchteten Menschenin Fl\u00fcchtlingsunterk\u00fcnften Sachgebiet Integration Winnenden Sachstandsbericht Anfang 2026 Integration | Winnenden Zu den Landtagswahlen hat der Fl\u00fcchtlingsrat&nbsp;zehn Forderungen an die neue Landesregierung&nbsp;formuliert.&nbsp; Pr\u00e4sentation von Prof. Dr. Gretsch Migrationspolitik aus Sicht eines Gefl\u00fcchteten Liebe \u2026, ich m\u00f6chte&hellip; <a class=\"more-link\" href=\"https:\/\/freundeskreis-asyl-korb.de\/?page_id=925\"><span class=\"screen-reader-text\">Ver\u00f6ffentlichungen und Informationen<\/span> weiterlesen<\/a><\/p>\n","protected":false},"author":2,"featured_media":0,"parent":0,"menu_order":0,"comment_status":"closed","ping_status":"closed","template":"","meta":{"footnotes":""},"class_list":["post-925","page","type-page","status-publish","hentry","entry"],"_links":{"self":[{"href":"https:\/\/freundeskreis-asyl-korb.de\/index.php?rest_route=\/wp\/v2\/pages\/925","targetHints":{"allow":["GET"]}}],"collection":[{"href":"https:\/\/freundeskreis-asyl-korb.de\/index.php?rest_route=\/wp\/v2\/pages"}],"about":[{"href":"https:\/\/freundeskreis-asyl-korb.de\/index.php?rest_route=\/wp\/v2\/types\/page"}],"author":[{"embeddable":true,"href":"https:\/\/freundeskreis-asyl-korb.de\/index.php?rest_route=\/wp\/v2\/users\/2"}],"replies":[{"embeddable":true,"href":"https:\/\/freundeskreis-asyl-korb.de\/index.php?rest_route=%2Fwp%2Fv2%2Fcomments&post=925"}],"version-history":[{"count":11,"href":"https:\/\/freundeskreis-asyl-korb.de\/index.php?rest_route=\/wp\/v2\/pages\/925\/revisions"}],"predecessor-version":[{"id":1382,"href":"https:\/\/freundeskreis-asyl-korb.de\/index.php?rest_route=\/wp\/v2\/pages\/925\/revisions\/1382"}],"wp:attachment":[{"href":"https:\/\/freundeskreis-asyl-korb.de\/index.php?rest_route=%2Fwp%2Fv2%2Fmedia&parent=925"}],"curies":[{"name":"wp","href":"https:\/\/api.w.org\/{rel}","templated":true}]}}